{"id":878,"date":"2022-12-02T21:02:46","date_gmt":"2022-12-02T20:02:46","guid":{"rendered":"https:\/\/www.feuerwehr-jockgrim.de\/?page_id=878"},"modified":"2023-01-19T15:09:17","modified_gmt":"2023-01-19T14:09:17","slug":"blaulicht-und-sondersignal","status":"publish","type":"page","link":"https:\/\/www.feuerwehr-jockgrim.de\/?page_id=878","title":{"rendered":"Blaulicht und Sondersignal"},"content":{"rendered":"\n<p>Ihr habt euch schon sicherlich gefragt warum f\u00e4hrt die Feuerwehr zu Eins\u00e4tzen Tag und Nacht mit Blaulicht und Sondersignal? Das hat gute Gr\u00fcnde.<\/p>\n\n\n\n<p>Wenn \u00fcber Notruf 112 ein Hilferuf abgesetzt wurde und schnellste Hilfe ben\u00f6tigt wird, ist h\u00f6chste Eile geboten. Zum Beispiel wenn Sachwerte oder Leben in Gefahr sind bzw. k\u00f6nnten, wie bei einem Geb\u00e4udebrand oder Verkehrsunfall mit Menschenleben in Gefahr. Dann ist h\u00f6chste Eile geboten! <br>Hier mu\u00df die Feuerwehr innerhalb von 8 Minuten vor Ort wirksame Hilfe eingeleitet haben. Aus dem Grund darf die Feuerwehr im Einsatzfall schneller durch den Stra\u00dfenverkehr fahren.<\/p>\n\n\n\n<h2 class=\"wp-block-heading\">Rechtliche Betrachtung<\/h2>\n\n\n\n<p>Damit die Feuerwehr im Einsatzfall auch schneller zum Einsatzort kommt, hat hier der Gesetzgeber das in der Stra\u00dfenverkehrsordnung ber\u00fccksichtigt.<\/p>\n\n\n\n<ul class=\"wp-block-list\">\n<li>StVO \u00a7 35 Absatz 1: &#8222;Von den Vorschriften dieser Verordnung sind die Bundeswehr, die Bundespolizei, die Feuerwehr, der Katastrophenschutz, die Polizei und der Zolldienst befreit, soweit das zur Erf\u00fcllung hoheitlicher Aufgaben dringend geboten ist.&#8220;\n<ul class=\"wp-block-list\">\n<li><a href=\"https:\/\/www.gesetze-im-internet.de\/stvo_2013\/__35.html\" target=\"_blank\" rel=\"noreferrer noopener\">https:\/\/www.gesetze-im-internet.de\/stvo_2013\/__35.html<\/a><\/li>\n<\/ul>\n<\/li>\n<\/ul>\n\n\n\n<p>Eine &#8222;hoheitliche Aufgabe die dringend geboten ist&#8220; ist wie oben genannt (o.g.) beispielsweise ein Geb\u00e4udebrand oder Verkehrsunfall.<\/p>\n\n\n\n<p>Nat\u00fcrlich achten wir auf die n\u00f6tige Vorsicht und auf die Verh\u00e4ltnism\u00e4\u00dfigkeit im Stra\u00dfenverkehr.<\/p>\n\n\n\n<p>Hier kommt rechtlich das Blaulicht und das Sondersignal (oder auch Martinshorn genannt) ins &#8222;Spiel&#8220;:<\/p>\n\n\n\n<ul class=\"wp-block-list\">\n<li>StVO \u00a7 38 Absatz 1: Blaues Blinklicht zusammen mit dem Einsatzhorn darf nur verwendet werden, wenn h\u00f6chste Eile geboten ist, um Menschenleben zu retten oder schwere gesundheitliche Sch\u00e4den abzuwenden, eine Gefahr f\u00fcr die \u00f6ffentliche Sicherheit oder Ordnung abzuwenden, fl\u00fcchtige Personen zu verfolgen oder bedeutende Sachwerte zu erhalten.<br>Es ordnet an:<br><strong>\u201eAlle \u00fcbrigen Verkehrsteilnehmer haben sofort freie Bahn zu schaffen\u201c<\/strong>.<\/li>\n\n\n\n<li>StVO \u00a7 38 Absatz 2: Blaues Blinklicht allein darf nur von den damit ausger\u00fcsteten Fahrzeugen und nur zur Warnung an Unfall- oder sonstigen Einsatzstellen, bei Einsatzfahrten oder bei der Begleitung von Fahrzeugen oder von geschlossenen Verb\u00e4nden verwendet werden.\n<ul class=\"wp-block-list\">\n<li><a href=\"https:\/\/www.gesetze-im-internet.de\/stvo_2013\/__38.html\" target=\"_blank\" rel=\"noreferrer noopener\">https:\/\/www.gesetze-im-internet.de\/stvo_2013\/__38.html<\/a><\/li>\n<\/ul>\n<\/li>\n<\/ul>\n\n\n\n<p>Bei StVO \u00a7 38 Abs. 1 spricht man auch vom &#8222;Wegerecht&#8220; und bei StVO \u00a7 35 Abs. 1 von &#8222;Sonderrechte&#8220;.<\/p>\n\n\n\n<p>Also Blaulicht und Sondersignal m\u00fcssen bei Eins\u00e4tzen mit h\u00f6chster Eile sein. Unabh\u00e4ngig von der Tageszeit.<\/p>\n\n\n\n<p><strong>Bitte beachten Sie: <\/strong>Feuerwehreinsatzkr\u00e4fte haben, ab dem Zeitpunkt der Alarmierung, nach StVO \u00a7 35 Abs. 1 &#8222;Sonderrechte&#8220;. Auch im Privat-PKW! Da die Feuerwehreinsatzkr\u00e4fte erst zum Feuerwehrger\u00e4tehaus fahren m\u00fcssen, geschieht die Anfahrt zum Feuerwehrger\u00e4tehaus i.d.R. mit dem Privat-PKW und gegebenenfalls mit Eile. Privat-PKW&#8217;s sind nicht mit Blaulicht und Sondersignal ausger\u00fcstet und k\u00f6nnen ihre &#8222;Eile&#8220; nicht nach au\u00dfen kenntlich machen. Auch hier achten wir auf die n\u00f6tige Vorsicht und auf die Verh\u00e4ltnism\u00e4\u00dfigkeit im Stra\u00dfenverkehr.<br>Oftmals wird ein Hinweisschild oder ein unbeleuchteter Dachaufsetzer &#8222;FEUERWEHR IM EINSATZ&#8220; verwendet.<\/p>\n\n\n\n<h2 class=\"wp-block-heading\">FAQ<\/h2>\n\n\n\n<h4 class=\"wp-block-heading\">Jetzt die gute Frage ob tags bzw. nachts Blaulicht alleine ausreicht f\u00fcr die Einsatzfahrt?<\/h4>\n\n\n\n<p>Bei Eins\u00e4tzen mit h\u00f6chster Eile, <strong>Nein!<\/strong><\/p>\n\n\n\n<p><strong>Die Feuerwehr hat ein &#8222;Sonder- und Wegerecht&#8220; nur mit Blaulicht und Sondersignal.<\/strong> Nur mit Blaulicht allein hat die Feuerwehr ein Sonderrecht, aber hat ohne Sondersignal (Horn) kein Wegerecht.<\/p>\n\n\n\n<p>Passiert auf dem Weg zum Einsatz mit &#8222;h\u00f6chster Eile&#8220; uns selbst ein Unfall ist das f\u00fcr die Unfallbeteiligten  nicht gut und f\u00fcr die Person\/-en, die die Feuerwehr gerufen hat\/haben, noch schlechter. Auch sollte man beachten da\u00df das verunfallte Feuerwehrfahrzeug nicht mehr dem Einsatzdienst zur Verf\u00fcgung steht. <\/p>\n\n\n\n<p>Sollte die erste Feuerwehr-F\u00fchrungskraft an der Einsatzstelle feststellen, da\u00df keine h\u00f6chste Eile mehr ben\u00f6tigt wird, so wird dies immer an die anr\u00fcckende Einsatzkr\u00e4fte per Funk durchgegeben.  Entweder wird die Einsatzfahrt abgebrochen oder &#8222;ohne Eile&#8220; weitergefahren.<\/p>\n\n\n\n<h4 class=\"wp-block-heading\">Was soll man tun, wenn man schlafen mu\u00df und man wird vom &#8222;Tat\u00fctata&#8220; geweckt?<\/h4>\n\n\n\n<p>&#8222;Umdrehen und Weiterschlafen&#8220;. Wir sind f\u00fcr euch alle unterwegs und wenn Menschen in Lebensgefahr sind, hat das Vorrang. Bitte bedenkt, da\u00df wir selber vor ein paar Minuten nachts noch am schlafen waren und jetzt unterwegs zur Einsatzstelle sind, um schlimmeres zu verhindern.<\/p>\n\n\n\n<h4 class=\"wp-block-heading\">Warum f\u00e4hrt die Feuerwehr zu einer ausgel\u00f6sten Brandmeldeanlage (BMA) immer mit Blaulicht und Sondersignal?<\/h4>\n\n\n\n<p>Wir gehen grunds\u00e4tzlich von einem ordnungsgem\u00e4\u00dfen Betrieb der Brandmeldeanlage (BMA) aus und es ist, beim Alarmierungzeitpunkt, von einem Geb\u00e4udebrand auszugehen. Sollte die Ausl\u00f6sung fehlerhaft sein oder aufgrund eines menschlichen Fehlverhaltens die Ursache sein, stellen wir das erst vor Ort fest. Brandmeldeanlagen (BMA) werden regelm\u00e4\u00dfig gewartet, um Fehlausl\u00f6sungen zu vermeiden. Sollte eine BMA aufgrund einer technischen St\u00f6rung ausl\u00f6sen, wissen wir das beim Zeitpunkt der Alarmierung nicht.<\/p>\n\n\n\n<h4 class=\"wp-block-heading\">Was soll ich im Stra\u00dfenverkehr tun, wenn die Feuerwehr mit Blaulicht und Sondersignal sich n\u00e4hert?<\/h4>\n\n\n\n<p>Ruhe bewahren und freie Bahn schaffen. Bitte nicht hektisch reagieren und keine &#8222;Kurzschlu\u00dfreaktion&#8220; verursachen. Bei Stau bitte eine Rettungsgasse bilden.<br>Ein Hinweis an der Stelle: Bitte nicht auf der Landstra\u00dfe unmittelbar vor uns eine Vollbremsung verursachen, um anschlie\u00dfend rechts ranzufahren und anzuhalten. <\/p>\n\n\n\n<h2 class=\"wp-block-heading\">Funfact<\/h2>\n\n\n\n<p><strong>Woher kommt der Begriff &#8222;Martinshorn&#8220;?<\/strong><\/p>\n\n\n\n<p>Auszug aus der Webseite der Firma &#8222;Max B. Martin GmbH &amp; Co.KG&#8220; aus Philippsburg:<\/p>\n\n\n\n<p>1932 entwickelte die Deutsche Signal-Instrumenten-Fabrik zusammen mit Feuerwehr- und Polizeidienststellen ein Horn, das als Sondersignal f\u00fcr bevorrechtigte Wegebenutzer gesetzlich vorgeschrieben wurde (&#8222;Warnvorrichtung mit einer Folge verschieden hoher T\u00f6ne&#8220;). Seit dieser Zeit besteht die gesch\u00fctzte Wortmarke &#8222;MARTIN-HORN\u00ae&#8220;. Bis zum 2. Weltkrieg wurden diese Signalh\u00f6rner f\u00fcr Einsatzfahrzeuge ausschlie\u00dflich von der Deutschen Signal-Instrumenten-Fabrik hergestellt.<\/p>\n\n\n\n<p>Quelle: <a rel=\"noreferrer noopener\" href=\"https:\/\/www.maxbmartin.de\/unternehmen\/geschichte\" target=\"_blank\">https:\/\/www.maxbmartin.de\/unternehmen\/geschichte<\/a><\/p>\n","protected":false},"excerpt":{"rendered":"<p>Ihr habt euch schon sicherlich gefragt warum f\u00e4hrt die Feuerwehr zu Eins\u00e4tzen Tag und Nacht mit Blaulicht und Sondersignal? Das hat gute Gr\u00fcnde. Wenn \u00fcber Notruf 112 ein Hilferuf abgesetzt [&hellip;]<\/p>\n","protected":false},"author":1,"featured_media":0,"parent":0,"menu_order":0,"comment_status":"closed","ping_status":"closed","template":"","meta":{"_acf_changed":false,"footnotes":""},"class_list":["post-878","page","type-page","status-publish","hentry"],"acf":[],"_links":{"self":[{"href":"https:\/\/www.feuerwehr-jockgrim.de\/index.php?rest_route=\/wp\/v2\/pages\/878","targetHints":{"allow":["GET"]}}],"collection":[{"href":"https:\/\/www.feuerwehr-jockgrim.de\/index.php?rest_route=\/wp\/v2\/pages"}],"about":[{"href":"https:\/\/www.feuerwehr-jockgrim.de\/index.php?rest_route=\/wp\/v2\/types\/page"}],"author":[{"embeddable":true,"href":"https:\/\/www.feuerwehr-jockgrim.de\/index.php?rest_route=\/wp\/v2\/users\/1"}],"replies":[{"embeddable":true,"href":"https:\/\/www.feuerwehr-jockgrim.de\/index.php?rest_route=%2Fwp%2Fv2%2Fcomments&post=878"}],"version-history":[{"count":19,"href":"https:\/\/www.feuerwehr-jockgrim.de\/index.php?rest_route=\/wp\/v2\/pages\/878\/revisions"}],"predecessor-version":[{"id":1010,"href":"https:\/\/www.feuerwehr-jockgrim.de\/index.php?rest_route=\/wp\/v2\/pages\/878\/revisions\/1010"}],"wp:attachment":[{"href":"https:\/\/www.feuerwehr-jockgrim.de\/index.php?rest_route=%2Fwp%2Fv2%2Fmedia&parent=878"}],"curies":[{"name":"wp","href":"https:\/\/api.w.org\/{rel}","templated":true}]}}