{"id":681,"date":"2022-11-23T08:57:13","date_gmt":"2022-11-23T07:57:13","guid":{"rendered":"http:\/\/feuerwehr-jockgrim.org\/?page_id=681"},"modified":"2023-08-22T17:57:06","modified_gmt":"2023-08-22T15:57:06","slug":"waldbrandmaterial","status":"publish","type":"page","link":"https:\/\/www.feuerwehr-jockgrim.de\/?page_id=681","title":{"rendered":"Waldbrandmaterial"},"content":{"rendered":"\n<p>Um den wachsenden Herausforderungen durch Wald- und Vegetationsbr\u00e4nde entsprechend begegnen zu k\u00f6nnen, verf\u00fcgen wir \u00fcber verschiedenes Material f\u00fcr die Wald- und Vegetationsbrandbek\u00e4mpfung. Dieses ist \u00fcberwiegend auf dem MLF verlastet, da dieses auch im Modul Brandbek\u00e4mpfung des Katastrophenschutz-Zuges des Landkreises Germersheim eingebunden ist. <\/p>\n\n\n\n<p><strong>Waldbrand-Tragekorb:<\/strong><\/p>\n\n\n\n<p>Zun\u00e4chst ist auf dem MLF ein spezieller Schlauchtragekorb f\u00fcr Wald- und Vegetationsbr\u00e4nde verlastet. Dieser ist best\u00fcckt mit zwei F\u00e4chern f\u00fcr je drei D-Druckschl\u00e4uche, kann also insgesamt sechs 15m lange D-Schl\u00e4uche aufnehmen. Dazu kommen drei D-Hohlstrahlrohre sowie ein Verteiler mit einem C-Eingang und drei D-Ausg\u00e4ngen.<\/p>\n\n\n\n<figure class=\"wp-block-gallery has-nested-images columns-default is-cropped wp-block-gallery-1 is-layout-flex wp-block-gallery-is-layout-flex\">\n<figure class=\"wp-block-image size-large\"><img loading=\"lazy\" decoding=\"async\" width=\"1024\" height=\"683\" data-id=\"683\" src=\"http:\/\/feuerwehr-jockgrim.org\/wp-content\/uploads\/2022\/11\/IMG_8808-1024x683.jpg\" alt=\"\" class=\"wp-image-683\" srcset=\"https:\/\/www.feuerwehr-jockgrim.de\/wp-content\/uploads\/2022\/11\/IMG_8808-1024x683.jpg 1024w, https:\/\/www.feuerwehr-jockgrim.de\/wp-content\/uploads\/2022\/11\/IMG_8808-300x200.jpg 300w, https:\/\/www.feuerwehr-jockgrim.de\/wp-content\/uploads\/2022\/11\/IMG_8808-768x512.jpg 768w, https:\/\/www.feuerwehr-jockgrim.de\/wp-content\/uploads\/2022\/11\/IMG_8808-1536x1024.jpg 1536w, https:\/\/www.feuerwehr-jockgrim.de\/wp-content\/uploads\/2022\/11\/IMG_8808-2048x1365.jpg 2048w\" sizes=\"auto, (max-width: 1024px) 100vw, 1024px\" \/><\/figure>\n\n\n\n<figure class=\"wp-block-image size-large\"><img loading=\"lazy\" decoding=\"async\" width=\"1024\" height=\"683\" data-id=\"682\" src=\"http:\/\/feuerwehr-jockgrim.org\/wp-content\/uploads\/2022\/11\/IMG_8810-1024x683.jpg\" alt=\"\" class=\"wp-image-682\" srcset=\"https:\/\/www.feuerwehr-jockgrim.de\/wp-content\/uploads\/2022\/11\/IMG_8810-1024x683.jpg 1024w, https:\/\/www.feuerwehr-jockgrim.de\/wp-content\/uploads\/2022\/11\/IMG_8810-300x200.jpg 300w, https:\/\/www.feuerwehr-jockgrim.de\/wp-content\/uploads\/2022\/11\/IMG_8810-768x512.jpg 768w, https:\/\/www.feuerwehr-jockgrim.de\/wp-content\/uploads\/2022\/11\/IMG_8810-1536x1024.jpg 1536w, https:\/\/www.feuerwehr-jockgrim.de\/wp-content\/uploads\/2022\/11\/IMG_8810-2048x1365.jpg 2048w\" sizes=\"auto, (max-width: 1024px) 100vw, 1024px\" \/><\/figure>\n\n\n\n<figure class=\"wp-block-image size-large\"><img loading=\"lazy\" decoding=\"async\" width=\"1024\" height=\"683\" data-id=\"685\" src=\"http:\/\/feuerwehr-jockgrim.org\/wp-content\/uploads\/2022\/11\/IMG_8813-1024x683.jpg\" alt=\"\" class=\"wp-image-685\" srcset=\"https:\/\/www.feuerwehr-jockgrim.de\/wp-content\/uploads\/2022\/11\/IMG_8813-1024x683.jpg 1024w, https:\/\/www.feuerwehr-jockgrim.de\/wp-content\/uploads\/2022\/11\/IMG_8813-300x200.jpg 300w, https:\/\/www.feuerwehr-jockgrim.de\/wp-content\/uploads\/2022\/11\/IMG_8813-768x512.jpg 768w, https:\/\/www.feuerwehr-jockgrim.de\/wp-content\/uploads\/2022\/11\/IMG_8813-1536x1024.jpg 1536w, https:\/\/www.feuerwehr-jockgrim.de\/wp-content\/uploads\/2022\/11\/IMG_8813-2048x1365.jpg 2048w\" sizes=\"auto, (max-width: 1024px) 100vw, 1024px\" \/><\/figure>\n<\/figure>\n\n\n\n<p><strong>L\u00f6schrucksack: <\/strong><\/p>\n\n\n\n<p>Weiterhin sind auf dem MLF zwei L\u00f6schrucks\u00e4cke verlastet. Diese sind vergleichbar mit Wasserspritzpistolen, nur dass der 10l fassende Wassertank als Rucksack ausgef\u00fchrt ist. Diese Rucks\u00e4cke eignen sich besonders gut f\u00fcr die Bek\u00e4mpfung von Entstehungsbr\u00e4nden und das Abl\u00f6schen von Glutnestern.<\/p>\n\n\n\n<figure class=\"wp-block-image size-large\"><img loading=\"lazy\" decoding=\"async\" width=\"1024\" height=\"683\" src=\"http:\/\/feuerwehr-jockgrim.org\/wp-content\/uploads\/2022\/11\/IMG_8800-1024x683.jpg\" alt=\"\" class=\"wp-image-686\" srcset=\"https:\/\/www.feuerwehr-jockgrim.de\/wp-content\/uploads\/2022\/11\/IMG_8800-1024x683.jpg 1024w, https:\/\/www.feuerwehr-jockgrim.de\/wp-content\/uploads\/2022\/11\/IMG_8800-300x200.jpg 300w, https:\/\/www.feuerwehr-jockgrim.de\/wp-content\/uploads\/2022\/11\/IMG_8800-768x512.jpg 768w, https:\/\/www.feuerwehr-jockgrim.de\/wp-content\/uploads\/2022\/11\/IMG_8800-1536x1024.jpg 1536w, https:\/\/www.feuerwehr-jockgrim.de\/wp-content\/uploads\/2022\/11\/IMG_8800-2048x1365.jpg 2048w\" sizes=\"auto, (max-width: 1024px) 100vw, 1024px\" \/><\/figure>\n\n\n\n<p><strong>Handwerkzeug<\/strong><\/p>\n\n\n\n<p>F\u00fcr die Waldbrandbek\u00e4mpfung besitzen wir seit dem Jahr 2023 unter anderem auch Handwerkzeuge.  Dies sind zwei sogenannte Gorgui-Tools sowie eine Wiedehopf-Hacke. Alle drei Werkzeuge sind auf dem MLF verlastet.<\/p>\n\n\n\n<figure class=\"wp-block-gallery has-nested-images columns-default is-cropped wp-block-gallery-2 is-layout-flex wp-block-gallery-is-layout-flex\">\n<figure class=\"wp-block-image size-large\"><img loading=\"lazy\" decoding=\"async\" width=\"1024\" height=\"683\" data-id=\"1345\" src=\"https:\/\/www.feuerwehr-jockgrim.de\/wp-content\/uploads\/2023\/08\/IMG_1927-1024x683.jpg\" alt=\"\" class=\"wp-image-1345\" srcset=\"https:\/\/www.feuerwehr-jockgrim.de\/wp-content\/uploads\/2023\/08\/IMG_1927-1024x683.jpg 1024w, https:\/\/www.feuerwehr-jockgrim.de\/wp-content\/uploads\/2023\/08\/IMG_1927-300x200.jpg 300w, https:\/\/www.feuerwehr-jockgrim.de\/wp-content\/uploads\/2023\/08\/IMG_1927-768x512.jpg 768w, https:\/\/www.feuerwehr-jockgrim.de\/wp-content\/uploads\/2023\/08\/IMG_1927-1536x1024.jpg 1536w, https:\/\/www.feuerwehr-jockgrim.de\/wp-content\/uploads\/2023\/08\/IMG_1927-2048x1365.jpg 2048w\" sizes=\"auto, (max-width: 1024px) 100vw, 1024px\" \/><figcaption class=\"wp-element-caption\">Links: Wiedehopf-Hacke, Rechts: Gorgui-Tool<\/figcaption><\/figure>\n\n\n\n<figure class=\"wp-block-image size-large\"><img loading=\"lazy\" decoding=\"async\" width=\"1024\" height=\"683\" data-id=\"1346\" src=\"https:\/\/www.feuerwehr-jockgrim.de\/wp-content\/uploads\/2023\/08\/IMG_1928-1024x683.jpg\" alt=\"\" class=\"wp-image-1346\" srcset=\"https:\/\/www.feuerwehr-jockgrim.de\/wp-content\/uploads\/2023\/08\/IMG_1928-1024x683.jpg 1024w, https:\/\/www.feuerwehr-jockgrim.de\/wp-content\/uploads\/2023\/08\/IMG_1928-300x200.jpg 300w, https:\/\/www.feuerwehr-jockgrim.de\/wp-content\/uploads\/2023\/08\/IMG_1928-768x512.jpg 768w, https:\/\/www.feuerwehr-jockgrim.de\/wp-content\/uploads\/2023\/08\/IMG_1928-1536x1024.jpg 1536w, https:\/\/www.feuerwehr-jockgrim.de\/wp-content\/uploads\/2023\/08\/IMG_1928-2048x1365.jpg 2048w\" sizes=\"auto, (max-width: 1024px) 100vw, 1024px\" \/><figcaption class=\"wp-element-caption\">Links: Wiedehopf-Hacke, Rechts: Gorgui-Tool<\/figcaption><\/figure>\n<\/figure>\n","protected":false},"excerpt":{"rendered":"<p>Um den wachsenden Herausforderungen durch Wald- und Vegetationsbr\u00e4nde entsprechend begegnen zu k\u00f6nnen, verf\u00fcgen wir \u00fcber verschiedenes Material f\u00fcr die Wald- und Vegetationsbrandbek\u00e4mpfung. Dieses ist \u00fcberwiegend auf dem MLF verlastet, da dieses auch im Modul Brandbek\u00e4mpfung des Katastrophenschutz-Zuges des Landkreises Germersheim eingebunden ist. Waldbrand-Tragekorb: Zun\u00e4chst ist auf dem MLF ein spezieller Schlauchtragekorb f\u00fcr Wald- und Vegetationsbr\u00e4nde [&hellip;]<\/p>\n","protected":false},"author":2,"featured_media":0,"parent":0,"menu_order":0,"comment_status":"closed","ping_status":"closed","template":"","meta":{"_acf_changed":false,"footnotes":""},"class_list":["post-681","page","type-page","status-publish","hentry"],"acf":[],"_links":{"self":[{"href":"https:\/\/www.feuerwehr-jockgrim.de\/index.php?rest_route=\/wp\/v2\/pages\/681","targetHints":{"allow":["GET"]}}],"collection":[{"href":"https:\/\/www.feuerwehr-jockgrim.de\/index.php?rest_route=\/wp\/v2\/pages"}],"about":[{"href":"https:\/\/www.feuerwehr-jockgrim.de\/index.php?rest_route=\/wp\/v2\/types\/page"}],"author":[{"embeddable":true,"href":"https:\/\/www.feuerwehr-jockgrim.de\/index.php?rest_route=\/wp\/v2\/users\/2"}],"replies":[{"embeddable":true,"href":"https:\/\/www.feuerwehr-jockgrim.de\/index.php?rest_route=%2Fwp%2Fv2%2Fcomments&post=681"}],"version-history":[{"count":2,"href":"https:\/\/www.feuerwehr-jockgrim.de\/index.php?rest_route=\/wp\/v2\/pages\/681\/revisions"}],"predecessor-version":[{"id":1347,"href":"https:\/\/www.feuerwehr-jockgrim.de\/index.php?rest_route=\/wp\/v2\/pages\/681\/revisions\/1347"}],"wp:attachment":[{"href":"https:\/\/www.feuerwehr-jockgrim.de\/index.php?rest_route=%2Fwp%2Fv2%2Fmedia&parent=681"}],"curies":[{"name":"wp","href":"https:\/\/api.w.org\/{rel}","templated":true}]}}