{"id":552,"date":"2022-11-19T12:07:07","date_gmt":"2022-11-19T11:07:07","guid":{"rendered":"http:\/\/feuerwehr-jockgrim.org\/?page_id=552"},"modified":"2022-11-19T12:07:07","modified_gmt":"2022-11-19T11:07:07","slug":"notruf-fuer-sprach-und-hoergeschaedigte","status":"publish","type":"page","link":"https:\/\/www.feuerwehr-jockgrim.de\/?page_id=552","title":{"rendered":"Notruf f\u00fcr Sprach- und H\u00f6rgesch\u00e4digte"},"content":{"rendered":"\n<h2 class=\"wp-block-heading\">Notruf \u00fcber Smartphone App:<\/h2>\n\n\n\n<div class=\"wp-block-media-text alignwide is-stacked-on-mobile\" style=\"grid-template-columns:24% auto\"><figure class=\"wp-block-media-text__media\"><img loading=\"lazy\" decoding=\"async\" width=\"200\" height=\"200\" src=\"http:\/\/feuerwehr-jockgrim.org\/wp-content\/uploads\/2022\/11\/csm_nora_kdw_e199901cb8.jpg\" alt=\"\" class=\"wp-image-553 size-full\" srcset=\"https:\/\/www.feuerwehr-jockgrim.de\/wp-content\/uploads\/2022\/11\/csm_nora_kdw_e199901cb8.jpg 200w, https:\/\/www.feuerwehr-jockgrim.de\/wp-content\/uploads\/2022\/11\/csm_nora_kdw_e199901cb8-150x150.jpg 150w\" sizes=\"auto, (max-width: 200px) 100vw, 200px\" \/><\/figure><div class=\"wp-block-media-text__content\">\n<p>Mit der Notruf-App \u201enora\u201c Zugang zu schneller Hilfe f\u00fcr Menschen mit H\u00f6r- und Sprachbehinderungen<\/p>\n<\/div><\/div>\n\n\n\n<p>Mit der Einf\u00fchrung der bundesweiten Notruf-App \u201enora\u201c besteht erstmals die M\u00f6glichkeit, Notrufe an die Leitstellen von Feuerwehr, Rettungsdienst und Polizei \u00fcber eine weitgehend barrierefreie App abzusetzen.<br>Die Notruf-App kann von jedem genutzt werden, der sich in Deutschland aufh\u00e4lt und in einer Notsituation schnell Hilfe braucht. Die App-Notrufe werden in fast 300 Leitstellen angenommen. Hierdurch wird sichergestellt, dass Hilfesuchende sofort und passgenau die richtige Hilfe bekommen k\u00f6nnen:<\/p>\n\n\n\n<ul class=\"wp-block-list\">\n<li>Notruf ohne Sprechen: nora erm\u00f6glicht es auch Menschen, die die Notrufnummern 110 und 112 nicht anrufen k\u00f6nnen, selbstst\u00e4ndig einen Notruf abzusetzen<\/li>\n\n\n\n<li>Bei Ausl\u00f6sung eines Notrufes \u00fcber \u201enora\u201c erfolgt zun\u00e4chst die Ermittlung des Notfallortes \u00fcber die Standort-Funktion des Mobil-Ger\u00e4tes. Die Einsatzkr\u00e4fte finden die Person, die den Notruf abgesetzt hat, auch dann, wenn sie selbst nicht genau wei\u00df, wo sie sich befindet.<\/li>\n\n\n\n<li>Kommunikation via Chat mit der Einsatzleitstelle<\/li>\n\n\n\n<li>Stiller Notruf: nora l\u00e4sst sich auch in Situationen verwenden, in denen der Notruf m\u00f6glichst unbemerkt bleiben soll.<\/li>\n<\/ul>\n\n\n\n<p>Die App \u201enora\u201c kann in den Stores von Apple und Google kostenfrei heruntergeladen werden und nach einer kurzen Registrierung sofort eingesetzt werden.<\/p>\n\n\n\n<p>Mehr Informationen unter <a href=\"https:\/\/www.nora-notruf.de\" target=\"_blank\" rel=\"noreferrer noopener\">https:\/\/www.nora-notruf.de<\/a><\/p>\n\n\n\n<h2 class=\"wp-block-heading\">Notruf \u00fcber Fax:<\/h2>\n\n\n\n<p>H\u00f6r- und Spachgesch\u00e4digte k\u00f6nnen nicht einfach den Notruf anrufen und um Hilfe rufen. Hierf\u00fcr gibt es die o.g. M\u00f6glichkeit \u00fcber App oder nach wie vor \u00fcber Fax.<\/p>\n\n\n\n<p>Unter dem genannten Link finden Sie ausf\u00fcllbare Vorlagen in verschiedene Sprachen, die im Notfall ausgef\u00fcllt an die 112 oder 110 gefaxt werden. <a rel=\"noreferrer noopener\" href=\"http:\/\/www.notfall-telefax112.de\/notfall-telefax-vorlagen.html\" target=\"_blank\">http:\/\/www.notfall-telefax112.de\/notfall-telefax-vorlagen.html<\/a><\/p>\n\n\n\n<p>Weitere Informationen f\u00fcr den Notruf f\u00fcr H\u00f6r- und Sprachgesch\u00e4digte finden Sie hier: <a href=\"http:\/\/www.notfall-telefax112.de\" target=\"_blank\" rel=\"noreferrer noopener\">http:\/\/www.notfall-telefax112.de<\/a><\/p>\n","protected":false},"excerpt":{"rendered":"<p>Notruf \u00fcber Smartphone App: Mit der Notruf-App \u201enora\u201c Zugang zu schneller Hilfe f\u00fcr Menschen mit H\u00f6r- und Sprachbehinderungen Mit der Einf\u00fchrung der bundesweiten Notruf-App \u201enora\u201c besteht erstmals die M\u00f6glichkeit, Notrufe an die Leitstellen von Feuerwehr, Rettungsdienst und Polizei \u00fcber eine weitgehend barrierefreie App abzusetzen.Die Notruf-App kann von jedem genutzt werden, der sich in Deutschland aufh\u00e4lt [&hellip;]<\/p>\n","protected":false},"author":1,"featured_media":0,"parent":0,"menu_order":0,"comment_status":"closed","ping_status":"closed","template":"","meta":{"_acf_changed":false,"footnotes":""},"class_list":["post-552","page","type-page","status-publish","hentry"],"acf":[],"_links":{"self":[{"href":"https:\/\/www.feuerwehr-jockgrim.de\/index.php?rest_route=\/wp\/v2\/pages\/552","targetHints":{"allow":["GET"]}}],"collection":[{"href":"https:\/\/www.feuerwehr-jockgrim.de\/index.php?rest_route=\/wp\/v2\/pages"}],"about":[{"href":"https:\/\/www.feuerwehr-jockgrim.de\/index.php?rest_route=\/wp\/v2\/types\/page"}],"author":[{"embeddable":true,"href":"https:\/\/www.feuerwehr-jockgrim.de\/index.php?rest_route=\/wp\/v2\/users\/1"}],"replies":[{"embeddable":true,"href":"https:\/\/www.feuerwehr-jockgrim.de\/index.php?rest_route=%2Fwp%2Fv2%2Fcomments&post=552"}],"version-history":[{"count":1,"href":"https:\/\/www.feuerwehr-jockgrim.de\/index.php?rest_route=\/wp\/v2\/pages\/552\/revisions"}],"predecessor-version":[{"id":554,"href":"https:\/\/www.feuerwehr-jockgrim.de\/index.php?rest_route=\/wp\/v2\/pages\/552\/revisions\/554"}],"wp:attachment":[{"href":"https:\/\/www.feuerwehr-jockgrim.de\/index.php?rest_route=%2Fwp%2Fv2%2Fmedia&parent=552"}],"curies":[{"name":"wp","href":"https:\/\/api.w.org\/{rel}","templated":true}]}}