{"id":526,"date":"2022-11-18T21:24:06","date_gmt":"2022-11-18T20:24:06","guid":{"rendered":"http:\/\/feuerwehr-jockgrim.org\/?page_id=526"},"modified":"2022-11-18T21:24:06","modified_gmt":"2022-11-18T20:24:06","slug":"sichere-haustechnik","status":"publish","type":"page","link":"https:\/\/www.feuerwehr-jockgrim.de\/?page_id=526","title":{"rendered":"Sichere Haustechnik"},"content":{"rendered":"\n<p>Vergewissern Sie sich, wo sich in Ihrer Wohnung Gas und Wasser abstellen lassen.<\/p>\n\n\n\n<ul class=\"wp-block-list\">\n<li>Die zentrale Gas- und Wasserversorgung f\u00fcr das Geb\u00e4ude befindet sich meist im Untergeschoss.<\/li>\n\n\n\n<li>\u00dcberpr\u00fcfen Sie s\u00e4mtliche Absperrventile regelm\u00e4\u00dfig auf ihre Beweglichkeit.<\/li>\n\n\n\n<li>Ist ein Gasz\u00e4hler am Brand beteiligt, so l\u00f6tet dieser bei hohen Temperaturen aus, und es entsteht ein neuer Brandherd. Ein vorgeschaltetes Sicherheitsventil kann dies verhindern. Es unterbricht die Gaszufuhr automatisch bei Temperaturen von ca. 70 Grand.<\/li>\n\n\n\n<li>Auch Wasser kann im Haushalt gro\u00dfe Sch\u00e4den anrichten. Sind Wasch- oder Sp\u00fchlmaschinen in der Wohnung installiert, sollte an deren Wasserversorgung \u00dcberdruckventile vorgeschaltet sein. Diese verhindern bei Sch\u00e4den an Schlauch oder Maschine das unkontrollierte Ausstr\u00f6men von Wasser in der Wohnung.<\/li>\n\n\n\n<li>Die Sicherungsk\u00e4sten f\u00fcr Haushaltsstrom befindet sich h\u00e4ufig im Bereich der betreffenden Wohnungen. Bet\u00e4tigen Sie nur diese Sicherungen. Die Haussicherung, die sogenannte Panzersicherung, ist verplombt und den Energieversorgungsunternehmen vorbehalten.<\/li>\n\n\n\n<li>Denken Sie an Rauchmelder und CO-Melder.<\/li>\n\n\n\n<li>Photovoltaikanlagen k\u00f6nnen mit einer Notabschaltung ausger\u00fcstet werden. Im Fall eines Geb\u00e4udebrandes macht das den Einsatz der Feuerwehr sicherer. Eine gesetzliche Nachr\u00fcstpflicht besteht zurzeit nicht. Jedoch spricht die hohe Zusatzsicherheit, die mit wenig Aufwand und kleinen Kosten geschaffen werden kann, f\u00fcr die Nachr\u00fcstung. Wer baut den Schalter ein? Jeder Installateur, der PV-Anlagen baut, kann den Schalter einbauen oder nachr\u00fcsten. Achten Sie im Fall von Wassereintritt im Keller, da\u00df kein Wasser in die Elektronik flie\u00dfen kann.<\/li>\n\n\n\n<li>Achten Sie auf eine R\u00fcckschlagklappensicherung beim Abwasser. Im Falle eine Starkregenereigniss kann sonst Wasser, durch das Abwasserrohr, ungehindert in das Geb\u00e4ude flie\u00dfen und f\u00fcr einen Wasserschaden verursachen.<\/li>\n<\/ul>\n","protected":false},"excerpt":{"rendered":"<p>Vergewissern Sie sich, wo sich in Ihrer Wohnung Gas und Wasser abstellen lassen.<\/p>\n","protected":false},"author":1,"featured_media":0,"parent":0,"menu_order":0,"comment_status":"closed","ping_status":"closed","template":"","meta":{"_acf_changed":false,"footnotes":""},"class_list":["post-526","page","type-page","status-publish","hentry"],"acf":[],"_links":{"self":[{"href":"https:\/\/www.feuerwehr-jockgrim.de\/index.php?rest_route=\/wp\/v2\/pages\/526","targetHints":{"allow":["GET"]}}],"collection":[{"href":"https:\/\/www.feuerwehr-jockgrim.de\/index.php?rest_route=\/wp\/v2\/pages"}],"about":[{"href":"https:\/\/www.feuerwehr-jockgrim.de\/index.php?rest_route=\/wp\/v2\/types\/page"}],"author":[{"embeddable":true,"href":"https:\/\/www.feuerwehr-jockgrim.de\/index.php?rest_route=\/wp\/v2\/users\/1"}],"replies":[{"embeddable":true,"href":"https:\/\/www.feuerwehr-jockgrim.de\/index.php?rest_route=%2Fwp%2Fv2%2Fcomments&post=526"}],"version-history":[{"count":1,"href":"https:\/\/www.feuerwehr-jockgrim.de\/index.php?rest_route=\/wp\/v2\/pages\/526\/revisions"}],"predecessor-version":[{"id":527,"href":"https:\/\/www.feuerwehr-jockgrim.de\/index.php?rest_route=\/wp\/v2\/pages\/526\/revisions\/527"}],"wp:attachment":[{"href":"https:\/\/www.feuerwehr-jockgrim.de\/index.php?rest_route=%2Fwp%2Fv2%2Fmedia&parent=526"}],"curies":[{"name":"wp","href":"https:\/\/api.w.org\/{rel}","templated":true}]}}