{"id":521,"date":"2022-11-18T21:01:35","date_gmt":"2022-11-18T20:01:35","guid":{"rendered":"http:\/\/feuerwehr-jockgrim.org\/?page_id=521"},"modified":"2022-11-18T21:01:36","modified_gmt":"2022-11-18T20:01:36","slug":"rauchmelder-retten-leben","status":"publish","type":"page","link":"https:\/\/www.feuerwehr-jockgrim.de\/?page_id=521","title":{"rendered":"Rauchmelder retten Leben"},"content":{"rendered":"\n<p>In ganz Deutschland gibt es die Rauchmelderpflicht. Handfeste Argumente sprechen daf\u00fcr!<\/p>\n\n\n\n<p>Vorbeugender Brandschutz ist ein wichtiges Thema in unserer modernen Gesellschaft.<br>Wie notwendig dieses Thema ist, beweist die Zahl der j\u00e4hrlich etwa 1200 Toten und rund<br>10000 Schwerverletzten. Dazu kommt noch ein enormer Sachschaden in Milliardenh\u00f6he.<br>Von einer m\u00f6glichst fr\u00fchen Brandmeldung h\u00e4ngt es ab, ob folgeschwere Personen- und Brandsch\u00e4den zu vermeiden sind, sowohl\u00a0 Rettungs- und Brandbek\u00e4mpfungsma\u00dfnahmen rechtzeitig einsetzen k\u00f6nnen.<br>Immer wieder kommt es vor,\u00a0 dass Menschen im Schlaf von einem Feuer \u00fcberrascht werden und infolge einer Rauchvergiftung oder durch schwere Verbrennungen ihr Leben lassen m\u00fcssen.<br>Um diesem vorzubeugen bietet die Industrie mobile Rauchmelder an, die geeignet sind, R\u00e4ume hinsichtlich der Entstehung eines Brandes zu \u00fcberwachen.<\/p>\n\n\n\n<p>Die Rauchmelder m\u00fcssen nach DIN EN 14604 zugelassen sein. Rauchemelder mit einer VdS-Zertifizierung oder Q-Zertifizierung entsprechen der DIN EN 14604.  <\/p>\n\n\n\n<p>Rauchmelder m\u00fcssen in Schlafzimmer, Kinderzimmer, In allen Fluren<strong>\u00a0<\/strong>in der Wohnung bzw. im Einfamilienhaus,\u00a0\u00fcber die Rettungswege ins Treppenhaus oder ins Freie f\u00fchren,\u00a0ist jeweils mindestens ein Rauchmelder\u00a0zu installieren. In Einfamilienh\u00e4usern mit einem offenen Treppenraum gilt dieser auch als Fluchtweg und muss mit\u00a0einem Melder auf jedem Stockwerk\u00a0ausgestattet werden.\u00a0<\/p>\n\n\n\n<p>Viele wissen nicht: <strong>Im Schlaf riecht man nichts!<\/strong><br>Eine Funktionspr\u00fcfung ist j\u00e4hrlich zu dokumentieren. Diese Dokumentation ist feuersicher aufzubewahren. Viele Dienstleister bieten diesen Service an, kann man aber auch selber machen.<\/p>\n\n\n\n<p>Der Rauchmelder arbeitet nach dem Streulichtprinzip und erkennt Schwel-, Glimm und offene Br\u00e4nde mit Rauchentwicklung. Dabei gelangt das Licht des Senders nicht direkt auf den Empf\u00e4nger, sondern erst das von Schwebteilchen gestreute Licht l\u00f6st den Alarm aus. Als Energiequelle dient eine 9 V Blockbatterie oder eine festeingebaute 10-Jahresbatterie.<br>\u00dcbrigens: Solche Rauchmelder sind im Elektrofachhandel erh\u00e4ltlich.<\/p>\n\n\n\n<p><strong>Informationsbroschieren hierzu liegen f\u00fcr Sie an dem Informationsschalter\u00a0der Verbandsgemeindeverwaltung aus!<\/strong><\/p>\n\n\n\n<p>Mehr informationen: <a rel=\"noreferrer noopener\" href=\"http:\/\/www.rauchmelder-lebensretter.de\/\" target=\"_blank\"><strong>http:\/\/www.rauchmelder-lebensretter.de<\/strong><\/a><\/p>\n","protected":false},"excerpt":{"rendered":"<p>In ganz Deutschland gibt es die Rauchmelderpflicht. Handfeste Argumente sprechen daf\u00fcr! Vorbeugender Brandschutz ist ein wichtiges Thema in unserer modernen Gesellschaft.Wie notwendig dieses Thema ist, beweist die Zahl der j\u00e4hrlich etwa 1200 Toten und rund10000 Schwerverletzten. Dazu kommt noch ein enormer Sachschaden in Milliardenh\u00f6he.Von einer m\u00f6glichst fr\u00fchen Brandmeldung h\u00e4ngt es ab, ob folgeschwere Personen- und [&hellip;]<\/p>\n","protected":false},"author":1,"featured_media":0,"parent":0,"menu_order":0,"comment_status":"closed","ping_status":"closed","template":"","meta":{"_acf_changed":false,"footnotes":""},"class_list":["post-521","page","type-page","status-publish","hentry"],"acf":[],"_links":{"self":[{"href":"https:\/\/www.feuerwehr-jockgrim.de\/index.php?rest_route=\/wp\/v2\/pages\/521","targetHints":{"allow":["GET"]}}],"collection":[{"href":"https:\/\/www.feuerwehr-jockgrim.de\/index.php?rest_route=\/wp\/v2\/pages"}],"about":[{"href":"https:\/\/www.feuerwehr-jockgrim.de\/index.php?rest_route=\/wp\/v2\/types\/page"}],"author":[{"embeddable":true,"href":"https:\/\/www.feuerwehr-jockgrim.de\/index.php?rest_route=\/wp\/v2\/users\/1"}],"replies":[{"embeddable":true,"href":"https:\/\/www.feuerwehr-jockgrim.de\/index.php?rest_route=%2Fwp%2Fv2%2Fcomments&post=521"}],"version-history":[{"count":1,"href":"https:\/\/www.feuerwehr-jockgrim.de\/index.php?rest_route=\/wp\/v2\/pages\/521\/revisions"}],"predecessor-version":[{"id":525,"href":"https:\/\/www.feuerwehr-jockgrim.de\/index.php?rest_route=\/wp\/v2\/pages\/521\/revisions\/525"}],"wp:attachment":[{"href":"https:\/\/www.feuerwehr-jockgrim.de\/index.php?rest_route=%2Fwp%2Fv2%2Fmedia&parent=521"}],"curies":[{"name":"wp","href":"https:\/\/api.w.org\/{rel}","templated":true}]}}