{"id":500,"date":"2022-11-18T18:26:56","date_gmt":"2022-11-18T17:26:56","guid":{"rendered":"http:\/\/feuerwehr-jockgrim.org\/?page_id=500"},"modified":"2022-11-18T18:26:56","modified_gmt":"2022-11-18T17:26:56","slug":"unterflurhydranten","status":"publish","type":"page","link":"https:\/\/www.feuerwehr-jockgrim.de\/?page_id=500","title":{"rendered":"Unterflurhydranten"},"content":{"rendered":"\n<p>Hydranten sind Bestandteile einer zentralen L\u00f6schwasserversorgung und dienen der Feuerwehr zur Entnahme von L\u00f6schwasser.<br>Aus Medien und Berichten ist immer wieder zu entnehmen, dass Gefahrenabwehrma\u00dfnahmen der Feuerwehren durch das Zuparken von Unterflurhydranten behindert wurden.<br>Das die Unterflurhydranten leicht auffindbar sind, werden diese durch ein nachfolgendes Hinweisschild gekennzeichnet:<\/p>\n\n\n\n<div class=\"wp-block-media-text alignwide is-stacked-on-mobile\"><figure class=\"wp-block-media-text__media\"><img loading=\"lazy\" decoding=\"async\" width=\"300\" height=\"242\" src=\"http:\/\/feuerwehr-jockgrim.org\/wp-content\/uploads\/2022\/11\/hydrantenschild-1.jpg\" alt=\"\" class=\"wp-image-501 size-full\"\/><\/figure><div class=\"wp-block-media-text__content\">\n<p>Dieses Schild zeigt die Stelle eines Unterflurhydranten an:<\/p>\n\n\n\n<p><strong>H 100:<\/strong><br>Durchmesser Versorgungsleitung in mm<\/p>\n\n\n\n<p><strong>4,5 \/ 3,5:<\/strong><br>Entfernung zum Hydranten<br>3,5 m vor dem Schild<br>4,5 m rechts vom Schild<\/p>\n<\/div><\/div>\n\n\n\n<ul class=\"wp-block-list\">\n<li>In verkehrsberuhigten Zonen sind h\u00e4ufig Sperrvorrichtungen wie Ketten, Sperrpfosten oder Sperrbalken angebracht. Diese sind unbedingt freizuhalten. Die Feuerwehr besitzt Schl\u00fcssel, um die Sperren zu \u00f6ffnen, doch wenn diese zugeparkt sind, m\u00fcssen zeitraubende Umwege zum Nachteil der Betroffenen in Kauf genommen werden, oder Fahrzeuge entfernt werden.<\/li>\n\n\n\n<li>Die Feuerwehr kann nicht jedes Geb\u00e4ude direkt anfahren, einige liegen etwas entfernt von \u00f6ffentlichen Verkehrsfl\u00e4chen. Um diese Geb\u00e4ude zu erreichen, m\u00fcssen oft l\u00e4ngere Strecken zu Fu\u00df mit schwerem Einsatzger\u00e4t zur\u00fcckgelegt werden. Beachten Sie bitte, dass diese Zug\u00e4nge eine Breite von 1,25 m und T\u00fcrbreiten von 1 m haben m\u00fcssen. Benutzen Sie diese Wege bitte nicht als Abstellfl\u00e4chen.<\/li>\n\n\n\n<li>Halten sie im Winter den Unterflurhydranten frei von Schnee und Eis.<\/li>\n<\/ul>\n","protected":false},"excerpt":{"rendered":"<p>Hydranten sind Bestandteile einer zentralen L\u00f6schwasserversorgung und dienen der Feuerwehr zur Entnahme von L\u00f6schwasser.Aus Medien und Berichten ist immer wieder zu entnehmen, dass Gefahrenabwehrma\u00dfnahmen der Feuerwehren durch das Zuparken von [&hellip;]<\/p>\n","protected":false},"author":1,"featured_media":0,"parent":0,"menu_order":0,"comment_status":"closed","ping_status":"closed","template":"","meta":{"_acf_changed":false,"footnotes":""},"class_list":["post-500","page","type-page","status-publish","hentry"],"acf":[],"_links":{"self":[{"href":"https:\/\/www.feuerwehr-jockgrim.de\/index.php?rest_route=\/wp\/v2\/pages\/500","targetHints":{"allow":["GET"]}}],"collection":[{"href":"https:\/\/www.feuerwehr-jockgrim.de\/index.php?rest_route=\/wp\/v2\/pages"}],"about":[{"href":"https:\/\/www.feuerwehr-jockgrim.de\/index.php?rest_route=\/wp\/v2\/types\/page"}],"author":[{"embeddable":true,"href":"https:\/\/www.feuerwehr-jockgrim.de\/index.php?rest_route=\/wp\/v2\/users\/1"}],"replies":[{"embeddable":true,"href":"https:\/\/www.feuerwehr-jockgrim.de\/index.php?rest_route=%2Fwp%2Fv2%2Fcomments&post=500"}],"version-history":[{"count":1,"href":"https:\/\/www.feuerwehr-jockgrim.de\/index.php?rest_route=\/wp\/v2\/pages\/500\/revisions"}],"predecessor-version":[{"id":502,"href":"https:\/\/www.feuerwehr-jockgrim.de\/index.php?rest_route=\/wp\/v2\/pages\/500\/revisions\/502"}],"wp:attachment":[{"href":"https:\/\/www.feuerwehr-jockgrim.de\/index.php?rest_route=%2Fwp%2Fv2%2Fmedia&parent=500"}],"curies":[{"name":"wp","href":"https:\/\/api.w.org\/{rel}","templated":true}]}}