{"id":2632,"date":"2026-03-04T18:30:21","date_gmt":"2026-03-04T17:30:21","guid":{"rendered":"https:\/\/www.feuerwehr-jockgrim.de\/?page_id=2632"},"modified":"2026-03-04T18:35:25","modified_gmt":"2026-03-04T17:35:25","slug":"rauchgasdurchzuendung","status":"publish","type":"page","link":"https:\/\/www.feuerwehr-jockgrim.de\/?page_id=2632","title":{"rendered":"Rauchgasdurchz\u00fcndung"},"content":{"rendered":"\n<blockquote class=\"wp-block-quote is-layout-flow wp-block-quote-is-layout-flow\">\n<p>Eine Rauchgasdurchz\u00fcndung ist ein gef\u00e4hrliches Brandph\u00e4nomen, das in geschlossenen R\u00e4umen auftreten kann. Wenn bei einem Feuer Materialien wie Holz oder Kunststoffe stark erhitzt werden, entstehen brennbare Gase \u2013 sogenannte Pyrolysegase. Diese sammeln sich unter der Decke und k\u00f6nnen sich pl\u00f6tzlich entz\u00fcnden, wenn genug Hitze und Sauerstoff vorhanden sind. Die Flammen schlagen dabei schlagartig durch den Raum, oft sichtbar als \u201erollende\u201c Flammen unter der Decke.<\/p>\n\n\n\n<p>Der Unterschied zur&nbsp;<strong>Rauchgasexplosion (Backdraft)<\/strong>: Bei der Durchz\u00fcndung ist bereits Sauerstoff vorhanden. Eine Rauchgasexplosion entsteht dagegen, wenn nach Sauerstoffmangel pl\u00f6tzlich frische Luft \u2013 etwa durch das \u00d6ffnen einer T\u00fcr \u2013 hinzukommt und sich die hei\u00dfen Gase explosionsartig entz\u00fcnden.<\/p>\n\n\n\n<p>Eine Rauchgasdurchz\u00fcndung kann Temperaturen von \u00fcber 1000\u202f\u00b0C erreichen und stellt selbst f\u00fcr die Feuerwehr eine erhebliche Gefahr dar. Daher sollten brennende oder stark verqualmte R\u00e4ume niemals eigenst\u00e4ndig ge\u00f6ffnet werden.<\/p>\n<\/blockquote>\n\n\n\n<figure class=\"wp-block-video\"><video height=\"1080\" style=\"aspect-ratio: 1080 \/ 1080;\" width=\"1080\" autoplay loop muted src=\"https:\/\/www.feuerwehr-jockgrim.de\/wp-content\/uploads\/2026\/03\/Rauchgasdurchzuendung.mov\" playsinline><\/video><figcaption class=\"wp-element-caption\">Beispielvideo einer Rauchdurchz\u00fcndung, dargestellt in der &#8220;Flashoverbox&#8220;.<\/figcaption><\/figure>\n","protected":false},"excerpt":{"rendered":"<p>Eine Rauchgasdurchz\u00fcndung ist ein gef\u00e4hrliches Brandph\u00e4nomen, das in geschlossenen R\u00e4umen auftreten kann. Wenn bei einem Feuer Materialien wie Holz oder Kunststoffe stark erhitzt werden, entstehen brennbare Gase \u2013 sogenannte Pyrolysegase. Diese sammeln sich unter der Decke und k\u00f6nnen sich pl\u00f6tzlich entz\u00fcnden, wenn genug Hitze und Sauerstoff vorhanden sind. Die Flammen schlagen dabei schlagartig durch den [&hellip;]<\/p>\n","protected":false},"author":5,"featured_media":0,"parent":441,"menu_order":0,"comment_status":"closed","ping_status":"closed","template":"","meta":{"_acf_changed":false,"footnotes":""},"class_list":["post-2632","page","type-page","status-publish","hentry"],"acf":[],"_links":{"self":[{"href":"https:\/\/www.feuerwehr-jockgrim.de\/index.php?rest_route=\/wp\/v2\/pages\/2632","targetHints":{"allow":["GET"]}}],"collection":[{"href":"https:\/\/www.feuerwehr-jockgrim.de\/index.php?rest_route=\/wp\/v2\/pages"}],"about":[{"href":"https:\/\/www.feuerwehr-jockgrim.de\/index.php?rest_route=\/wp\/v2\/types\/page"}],"author":[{"embeddable":true,"href":"https:\/\/www.feuerwehr-jockgrim.de\/index.php?rest_route=\/wp\/v2\/users\/5"}],"replies":[{"embeddable":true,"href":"https:\/\/www.feuerwehr-jockgrim.de\/index.php?rest_route=%2Fwp%2Fv2%2Fcomments&post=2632"}],"version-history":[{"count":4,"href":"https:\/\/www.feuerwehr-jockgrim.de\/index.php?rest_route=\/wp\/v2\/pages\/2632\/revisions"}],"predecessor-version":[{"id":2639,"href":"https:\/\/www.feuerwehr-jockgrim.de\/index.php?rest_route=\/wp\/v2\/pages\/2632\/revisions\/2639"}],"up":[{"embeddable":true,"href":"https:\/\/www.feuerwehr-jockgrim.de\/index.php?rest_route=\/wp\/v2\/pages\/441"}],"wp:attachment":[{"href":"https:\/\/www.feuerwehr-jockgrim.de\/index.php?rest_route=%2Fwp%2Fv2%2Fmedia&parent=2632"}],"curies":[{"name":"wp","href":"https:\/\/api.w.org\/{rel}","templated":true}]}}