{"id":2380,"date":"2025-11-14T12:30:33","date_gmt":"2025-11-14T11:30:33","guid":{"rendered":"https:\/\/www.feuerwehr-jockgrim.de\/?page_id=2380"},"modified":"2025-11-16T14:18:13","modified_gmt":"2025-11-16T13:18:13","slug":"tanzgruppe-der-freiwilligen-feuerwehr-jockgrim","status":"publish","type":"page","link":"https:\/\/www.feuerwehr-jockgrim.de\/?page_id=2380","title":{"rendered":"Tanzgruppe der Freiwilligen Feuerwehr Jockgrim"},"content":{"rendered":"\n<p>Die Tanzgruppe der Freiwilligen Feuerwehr Jockgrim ist eine Sparte der Kameradschaftlichen Vereinigung. Der Schwerpunkt unseres Wirkens liegt auf der Jockgrimer Fasenacht, bei der wir jedes Jahr mit verschiedenen Auftritten vertreten sind.<\/p>\n\n\n\n<p>Die Tanzgruppe umfasst derzeit rund 130 Mitglieder, aufgeteilt in vier Gruppen:<\/p>\n\n\n\n<p><strong>\u00b7 Kleine Tanzgruppe <\/strong><br>  M\u00e4dchen im Alter von 6 bis 10 Jahren<\/p>\n\n\n\n<p><strong>\u00b7 Mittlere Tanzgruppe <\/strong><br>  M\u00e4dchen im Alter von 11 bis 15 Jahren<\/p>\n\n\n\n<p><strong>\u00b7 Gro\u00dfe Tanzgruppe <\/strong><br> M\u00e4dchen und Frauen im Alter von 16 Jahren bis ins Erwachsenenalter<\/p>\n\n\n\n<p><strong>\u00b7 Gardetanzgruppe <\/strong><br>  setzt sich aus T\u00e4nzerinnen der mittleren und gro\u00dfen Tanzgruppe zusammen<\/p>\n\n\n\n<p>Das Training und die Probenarbeit sind auf die Auftritte w\u00e4hrend der Jockgrimer Fasenacht ausgerichtet. Die Gruppen pr\u00e4sentieren dort ihre Showt\u00e4nze und die Gardetanzgruppe tritt zus\u00e4tzlich mit einem klassischen Gardetanz auf.<\/p>\n\n\n\n<p>Das Training findet \u00fcberwiegend mittwochs im Feuerwehrhaus Jockgrim statt. In der Faschingszeit wird es in das B\u00fcrgerhaus Jockgrim verlegt.<\/p>\n\n\n\n<p>Die Gesamtleitung der Tanzgruppe liegt bei Isabell Rei\u00df.<\/p>\n\n\n\n<p>Ein herzliches Dankesch\u00f6n gilt unseren engagierten Trainerinnen, die ihre Aufgaben ehrenamtlich \u00fcbernehmen und mit viel Herzblut f\u00fcr Bewegung, Spa\u00df und Zusammenhalt sorgen.<\/p>\n\n\n\n<p><a href=\"https:\/\/www.instagram.com\/ffwballett_jockgrim_\/\">Instagram-Auftritt der Tanzgruppe<\/a><\/p>\n","protected":false},"excerpt":{"rendered":"<p>Die Tanzgruppe der Freiwilligen Feuerwehr Jockgrim ist eine Sparte der Kameradschaftlichen Vereinigung. Der Schwerpunkt unseres Wirkens liegt auf der Jockgrimer Fasenacht, bei der wir jedes Jahr mit verschiedenen Auftritten vertreten [&hellip;]<\/p>\n","protected":false},"author":2,"featured_media":0,"parent":928,"menu_order":0,"comment_status":"closed","ping_status":"closed","template":"","meta":{"_acf_changed":false,"footnotes":""},"class_list":["post-2380","page","type-page","status-publish","hentry"],"acf":[],"_links":{"self":[{"href":"https:\/\/www.feuerwehr-jockgrim.de\/index.php?rest_route=\/wp\/v2\/pages\/2380","targetHints":{"allow":["GET"]}}],"collection":[{"href":"https:\/\/www.feuerwehr-jockgrim.de\/index.php?rest_route=\/wp\/v2\/pages"}],"about":[{"href":"https:\/\/www.feuerwehr-jockgrim.de\/index.php?rest_route=\/wp\/v2\/types\/page"}],"author":[{"embeddable":true,"href":"https:\/\/www.feuerwehr-jockgrim.de\/index.php?rest_route=\/wp\/v2\/users\/2"}],"replies":[{"embeddable":true,"href":"https:\/\/www.feuerwehr-jockgrim.de\/index.php?rest_route=%2Fwp%2Fv2%2Fcomments&post=2380"}],"version-history":[{"count":2,"href":"https:\/\/www.feuerwehr-jockgrim.de\/index.php?rest_route=\/wp\/v2\/pages\/2380\/revisions"}],"predecessor-version":[{"id":2387,"href":"https:\/\/www.feuerwehr-jockgrim.de\/index.php?rest_route=\/wp\/v2\/pages\/2380\/revisions\/2387"}],"up":[{"embeddable":true,"href":"https:\/\/www.feuerwehr-jockgrim.de\/index.php?rest_route=\/wp\/v2\/pages\/928"}],"wp:attachment":[{"href":"https:\/\/www.feuerwehr-jockgrim.de\/index.php?rest_route=%2Fwp%2Fv2%2Fmedia&parent=2380"}],"curies":[{"name":"wp","href":"https:\/\/api.w.org\/{rel}","templated":true}]}}