{"id":2241,"date":"2025-09-02T17:23:32","date_gmt":"2025-09-02T15:23:32","guid":{"rendered":"https:\/\/www.feuerwehr-jockgrim.de\/?page_id=2241"},"modified":"2025-09-03T12:04:18","modified_gmt":"2025-09-03T10:04:18","slug":"bevoelkerungswarnung","status":"publish","type":"page","link":"https:\/\/www.feuerwehr-jockgrim.de\/?page_id=2241","title":{"rendered":"Bev\u00f6lkerungswarnung"},"content":{"rendered":"\n<figure class=\"wp-block-image size-large\"><img loading=\"lazy\" decoding=\"async\" width=\"1024\" height=\"724\" src=\"https:\/\/www.feuerwehr-jockgrim.de\/wp-content\/uploads\/2025\/09\/20181220.BBK_.Warnsysteme.Gesamtbild.Bildschirmansicht-1-1024x724.png\" alt=\"\" class=\"wp-image-2247\" srcset=\"https:\/\/www.feuerwehr-jockgrim.de\/wp-content\/uploads\/2025\/09\/20181220.BBK_.Warnsysteme.Gesamtbild.Bildschirmansicht-1-1024x724.png 1024w, https:\/\/www.feuerwehr-jockgrim.de\/wp-content\/uploads\/2025\/09\/20181220.BBK_.Warnsysteme.Gesamtbild.Bildschirmansicht-1-300x212.png 300w, https:\/\/www.feuerwehr-jockgrim.de\/wp-content\/uploads\/2025\/09\/20181220.BBK_.Warnsysteme.Gesamtbild.Bildschirmansicht-1-768x543.png 768w, https:\/\/www.feuerwehr-jockgrim.de\/wp-content\/uploads\/2025\/09\/20181220.BBK_.Warnsysteme.Gesamtbild.Bildschirmansicht-1-1536x1086.png 1536w, https:\/\/www.feuerwehr-jockgrim.de\/wp-content\/uploads\/2025\/09\/20181220.BBK_.Warnsysteme.Gesamtbild.Bildschirmansicht-1-2048x1448.png 2048w\" sizes=\"auto, (max-width: 1024px) 100vw, 1024px\" \/><\/figure>\n\n\n\n<h2 class=\"wp-block-heading\">Wann wird die Bev\u00f6lkerung gewarnt?<\/h2>\n\n\n\n<p>Je nach Lage k\u00f6nnen Schadensereignisse Ihre Sicherheit und Ihr Eigentum gef\u00e4hrden. Damit Sie sich auf die Situation einstellen k\u00f6nnen und sich richtig verhalten, werden Sie in diesen Notsituationen gewarnt, z.B. bei:<\/p>\n\n\n\n<ul class=\"wp-block-list\">\n<li>Extreme Unwetter<\/li>\n\n\n\n<li>Starkregen und Hochwasser<\/li>\n\n\n\n<li>Gro\u00dfbrand und starke Brandrauchausbreitung<\/li>\n\n\n\n<li>Schadstoffaustritt<\/li>\n\n\n\n<li>Gro\u00dffl\u00e4chiger Stromausfall<\/li>\n\n\n\n<li>Bombenentsch\u00e4rfung<\/li>\n\n\n\n<li>weiteren Gefahrensituationen<\/li>\n<\/ul>\n\n\n\n<h2 class=\"wp-block-heading\">Wie wird die Bev\u00f6lkerung gewarnt? <\/h2>\n\n\n\n<p>Gefahrensituationen k\u00f6nnen pl\u00f6tzlich auftreten. Um m\u00f6glichst viele Menschen schnell zu erreichen, ver\u00f6ffentlichen die zust\u00e4ndigen Beh\u00f6rden eine Warnmeldung, die Sie auf unterschiedlichen Wegen erreichen kann:<\/p>\n\n\n\n<div class=\"wp-block-media-text is-stacked-on-mobile is-style-default\" style=\"grid-template-columns:30% auto\"><figure class=\"wp-block-media-text__media\"><img loading=\"lazy\" decoding=\"async\" width=\"874\" height=\"850\" src=\"https:\/\/www.feuerwehr-jockgrim.de\/wp-content\/uploads\/2025\/09\/03-Sirenen-2.png\" alt=\"\" class=\"wp-image-2258 size-full\" srcset=\"https:\/\/www.feuerwehr-jockgrim.de\/wp-content\/uploads\/2025\/09\/03-Sirenen-2.png 874w, https:\/\/www.feuerwehr-jockgrim.de\/wp-content\/uploads\/2025\/09\/03-Sirenen-2-300x292.png 300w, https:\/\/www.feuerwehr-jockgrim.de\/wp-content\/uploads\/2025\/09\/03-Sirenen-2-768x747.png 768w\" sizes=\"auto, (max-width: 874px) 100vw, 874px\" \/><\/figure><div class=\"wp-block-media-text__content\">\n<p>Sirenen<\/p>\n<\/div><\/div>\n\n\n\n<div class=\"wp-block-media-text is-stacked-on-mobile\" style=\"grid-template-columns:30% auto\"><figure class=\"wp-block-media-text__media\"><img loading=\"lazy\" decoding=\"async\" width=\"867\" height=\"850\" src=\"https:\/\/www.feuerwehr-jockgrim.de\/wp-content\/uploads\/2025\/09\/06-Cell-Broadcast-1.png\" alt=\"\" class=\"wp-image-2259 size-full\" srcset=\"https:\/\/www.feuerwehr-jockgrim.de\/wp-content\/uploads\/2025\/09\/06-Cell-Broadcast-1.png 867w, https:\/\/www.feuerwehr-jockgrim.de\/wp-content\/uploads\/2025\/09\/06-Cell-Broadcast-1-300x294.png 300w, https:\/\/www.feuerwehr-jockgrim.de\/wp-content\/uploads\/2025\/09\/06-Cell-Broadcast-1-768x753.png 768w\" sizes=\"auto, (max-width: 867px) 100vw, 867px\" \/><\/figure><div class=\"wp-block-media-text__content\">\n<p>Cell Broadcast (automatische Handybenachrichtigung)<\/p>\n<\/div><\/div>\n\n\n\n<div class=\"wp-block-media-text is-stacked-on-mobile\" style=\"grid-template-columns:30% auto\"><figure class=\"wp-block-media-text__media\"><img loading=\"lazy\" decoding=\"async\" width=\"850\" height=\"850\" src=\"https:\/\/www.feuerwehr-jockgrim.de\/wp-content\/uploads\/2025\/09\/01-Handy.png\" alt=\"\" class=\"wp-image-2246 size-full\" srcset=\"https:\/\/www.feuerwehr-jockgrim.de\/wp-content\/uploads\/2025\/09\/01-Handy.png 850w, https:\/\/www.feuerwehr-jockgrim.de\/wp-content\/uploads\/2025\/09\/01-Handy-300x300.png 300w, https:\/\/www.feuerwehr-jockgrim.de\/wp-content\/uploads\/2025\/09\/01-Handy-150x150.png 150w, https:\/\/www.feuerwehr-jockgrim.de\/wp-content\/uploads\/2025\/09\/01-Handy-768x768.png 768w\" sizes=\"auto, (max-width: 850px) 100vw, 850px\" \/><\/figure><div class=\"wp-block-media-text__content\">\n<p>WarnApp&#8217;s<br>z.B. Katwarn und NINA<\/p>\n\n\n\n<p>Soziale Medien Kan\u00e4le der Feuerwehren und der Kreisverwaltung Germersheim.<\/p>\n<\/div><\/div>\n\n\n\n<div class=\"wp-block-media-text is-stacked-on-mobile\" style=\"grid-template-columns:30% auto\"><figure class=\"wp-block-media-text__media\"><img loading=\"lazy\" decoding=\"async\" width=\"850\" height=\"850\" src=\"https:\/\/www.feuerwehr-jockgrim.de\/wp-content\/uploads\/2025\/09\/02-Radio.png\" alt=\"\" class=\"wp-image-2249 size-full\" srcset=\"https:\/\/www.feuerwehr-jockgrim.de\/wp-content\/uploads\/2025\/09\/02-Radio.png 850w, https:\/\/www.feuerwehr-jockgrim.de\/wp-content\/uploads\/2025\/09\/02-Radio-300x300.png 300w, https:\/\/www.feuerwehr-jockgrim.de\/wp-content\/uploads\/2025\/09\/02-Radio-150x150.png 150w, https:\/\/www.feuerwehr-jockgrim.de\/wp-content\/uploads\/2025\/09\/02-Radio-768x768.png 768w\" sizes=\"auto, (max-width: 850px) 100vw, 850px\" \/><\/figure><div class=\"wp-block-media-text__content\">\n<p>Radiodurchsagen<\/p>\n<\/div><\/div>\n\n\n\n<div class=\"wp-block-media-text is-stacked-on-mobile\" style=\"grid-template-columns:30% auto\"><figure class=\"wp-block-media-text__media\"><img loading=\"lazy\" decoding=\"async\" width=\"914\" height=\"850\" src=\"https:\/\/www.feuerwehr-jockgrim.de\/wp-content\/uploads\/2025\/09\/04-Fernseher.png\" alt=\"\" class=\"wp-image-2250 size-full\" srcset=\"https:\/\/www.feuerwehr-jockgrim.de\/wp-content\/uploads\/2025\/09\/04-Fernseher.png 914w, https:\/\/www.feuerwehr-jockgrim.de\/wp-content\/uploads\/2025\/09\/04-Fernseher-300x279.png 300w, https:\/\/www.feuerwehr-jockgrim.de\/wp-content\/uploads\/2025\/09\/04-Fernseher-768x714.png 768w\" sizes=\"auto, (max-width: 914px) 100vw, 914px\" \/><\/figure><div class=\"wp-block-media-text__content\">\n<p>Fernsehen<br><\/p>\n<\/div><\/div>\n\n\n\n<div class=\"wp-block-media-text is-stacked-on-mobile\" style=\"grid-template-columns:30% auto\"><figure class=\"wp-block-media-text__media\"><img loading=\"lazy\" decoding=\"async\" width=\"891\" height=\"850\" src=\"https:\/\/www.feuerwehr-jockgrim.de\/wp-content\/uploads\/2025\/09\/12-Kritische-Infrastruktur.png\" alt=\"\" class=\"wp-image-2251 size-full\" srcset=\"https:\/\/www.feuerwehr-jockgrim.de\/wp-content\/uploads\/2025\/09\/12-Kritische-Infrastruktur.png 891w, https:\/\/www.feuerwehr-jockgrim.de\/wp-content\/uploads\/2025\/09\/12-Kritische-Infrastruktur-300x286.png 300w, https:\/\/www.feuerwehr-jockgrim.de\/wp-content\/uploads\/2025\/09\/12-Kritische-Infrastruktur-768x733.png 768w\" sizes=\"auto, (max-width: 891px) 100vw, 891px\" \/><\/figure><div class=\"wp-block-media-text__content\">\n<p>Am Bahnsteig<\/p>\n<\/div><\/div>\n\n\n\n<div class=\"wp-block-media-text is-stacked-on-mobile\" style=\"grid-template-columns:30% auto\"><figure class=\"wp-block-media-text__media\"><img loading=\"lazy\" decoding=\"async\" width=\"868\" height=\"850\" src=\"https:\/\/www.feuerwehr-jockgrim.de\/wp-content\/uploads\/2025\/09\/08-Stadtinfo-4.png\" alt=\"\" class=\"wp-image-2256 size-full\" srcset=\"https:\/\/www.feuerwehr-jockgrim.de\/wp-content\/uploads\/2025\/09\/08-Stadtinfo-4.png 868w, https:\/\/www.feuerwehr-jockgrim.de\/wp-content\/uploads\/2025\/09\/08-Stadtinfo-4-300x294.png 300w, https:\/\/www.feuerwehr-jockgrim.de\/wp-content\/uploads\/2025\/09\/08-Stadtinfo-4-768x752.png 768w\" sizes=\"auto, (max-width: 868px) 100vw, 868px\" \/><\/figure><div class=\"wp-block-media-text__content\">\n<p>Auf Infotafeln<\/p>\n<\/div><\/div>\n\n\n\n<div class=\"wp-block-media-text is-stacked-on-mobile\" style=\"grid-template-columns:30% auto\"><figure class=\"wp-block-media-text__media\"><img loading=\"lazy\" decoding=\"async\" width=\"867\" height=\"850\" src=\"https:\/\/www.feuerwehr-jockgrim.de\/wp-content\/uploads\/2025\/09\/10-Lautsprecherfahrzeug.png\" alt=\"\" class=\"wp-image-2257 size-full\" srcset=\"https:\/\/www.feuerwehr-jockgrim.de\/wp-content\/uploads\/2025\/09\/10-Lautsprecherfahrzeug.png 867w, https:\/\/www.feuerwehr-jockgrim.de\/wp-content\/uploads\/2025\/09\/10-Lautsprecherfahrzeug-300x294.png 300w, https:\/\/www.feuerwehr-jockgrim.de\/wp-content\/uploads\/2025\/09\/10-Lautsprecherfahrzeug-768x753.png 768w\" sizes=\"auto, (max-width: 867px) 100vw, 867px\" \/><\/figure><div class=\"wp-block-media-text__content\">\n<p>Lautsprecherdurchsagen<\/p>\n<\/div><\/div>\n\n\n\n<p>Die Informationskan\u00e4le werden je nach Gefahrensituation passend gew\u00e4hlt. Nicht alle Warnmittel werden bei jeder Warnung ausgew\u00e4hlt. Das ist abh\u00e4ngig nach Art und Gr\u00f6\u00dfe der Gefahrenlage.<\/p>\n\n\n\n<p><\/p>\n\n\n\n<h2 class=\"wp-block-heading\">Warnungmeldungen auf dem Mobilfunktelefon<\/h2>\n\n\n\n<p>Da man bei einer Bev\u00f6lkerungswarnung soviel wie m\u00f6glichst Menschen erreichen m\u00f6chte, warnt man auch \u00fcber das Handy. Warnmeldungen k\u00f6nnen auf dem Handy per WarnApp und per Cell Broadcast empfangen werden.<\/p>\n\n\n\n<h3 class=\"wp-block-heading\">WarnApp&#8217;s<\/h3>\n\n\n\n<figure class=\"wp-block-image size-medium\"><img loading=\"lazy\" decoding=\"async\" width=\"300\" height=\"300\" src=\"https:\/\/www.feuerwehr-jockgrim.de\/wp-content\/uploads\/2025\/09\/01-Handy-300x300.png\" alt=\"\" class=\"wp-image-2246\" srcset=\"https:\/\/www.feuerwehr-jockgrim.de\/wp-content\/uploads\/2025\/09\/01-Handy-300x300.png 300w, https:\/\/www.feuerwehr-jockgrim.de\/wp-content\/uploads\/2025\/09\/01-Handy-150x150.png 150w, https:\/\/www.feuerwehr-jockgrim.de\/wp-content\/uploads\/2025\/09\/01-Handy-768x768.png 768w, https:\/\/www.feuerwehr-jockgrim.de\/wp-content\/uploads\/2025\/09\/01-Handy.png 850w\" sizes=\"auto, (max-width: 300px) 100vw, 300px\" \/><\/figure>\n\n\n\n<p>WarnApp&#8217;s k\u00f6nnen auf dem Smartphone installiert werden, die bei einer Warnung ausl\u00f6sen. Hier gibt es zwei WarnApp&#8217;s die bundesweit genutzt werden. WarnApp&#8217;s informieren auch wenn man in ein Gebiet kommt in der eine Warnung bereits aktiv ist. Zum Beispiel bei einer Bombenentsch\u00e4rfung oder Hochwasser.<\/p>\n\n\n\n<h4 class=\"wp-block-heading\"><strong>Katwarn:<\/strong><\/h4>\n\n\n\n<p>Mit Katwarn erhalten Sie erg\u00e4nzend zu Sirenen, Lautsprecheransagen oder Meldungen im Radio wichtige Warn- und Verhaltensinformationen. Katwarn sagt Ihnen also nicht nur, dass es eine Gefahrensituation gibt, sondern auch wie Sie sich verhalten sollen.<\/p>\n\n\n\n<p><a href=\"http:\/\/www.katwarn.de\/\" target=\"_blank\" rel=\"noreferrer noopener\">Homepage Katwarn<\/a><\/p>\n\n\n\n<p>App f\u00fcr <a href=\"https:\/\/play.google.com\/store\/apps\/details?id=de.combirisk.katwarn\" target=\"_blank\" rel=\"noreferrer noopener\">Android<\/a><br>App f\u00fcr <a href=\"http:\/\/appstore.com\/katwarn\">iOS (iPhone)<\/a><\/p>\n\n\n\n<div class=\"wp-block-media-text is-stacked-on-mobile\" style=\"grid-template-columns:20% auto\"><figure class=\"wp-block-media-text__media\"><img loading=\"lazy\" decoding=\"async\" width=\"370\" height=\"370\" src=\"https:\/\/www.feuerwehr-jockgrim.de\/wp-content\/uploads\/2025\/09\/grafik-4.png\" alt=\"\" class=\"wp-image-2262 size-full\" srcset=\"https:\/\/www.feuerwehr-jockgrim.de\/wp-content\/uploads\/2025\/09\/grafik-4.png 370w, https:\/\/www.feuerwehr-jockgrim.de\/wp-content\/uploads\/2025\/09\/grafik-4-300x300.png 300w, https:\/\/www.feuerwehr-jockgrim.de\/wp-content\/uploads\/2025\/09\/grafik-4-150x150.png 150w\" sizes=\"auto, (max-width: 370px) 100vw, 370px\" \/><\/figure><div class=\"wp-block-media-text__content\">\n<p>QR-Code scannen und direkt aus dem passenden AppStore downloaden.<\/p>\n<\/div><\/div>\n\n\n\n<h4 class=\"wp-block-heading\">NINA:<\/h4>\n\n\n\n<p>NINA ist die <strong>N<\/strong>otfall-<strong>I<\/strong>nformations- und <strong>N<\/strong>achrichten-<strong>A<\/strong>pp des Bundesamtes f\u00fcr Bev\u00f6lkerungsschutz und Katastrophenhilfe (BBK). NINA warnt Sie deutschlandweit und \u2013 wenn Sie dies w\u00fcnschen \u2013 standortbezogen vor Gefahren, wie z. B. Unwettern, Hochwasser und anderen sogenannten Gro\u00dfschadenslagen.<\/p>\n\n\n\n<p><a href=\"https:\/\/www.bbk.bund.de\/DE\/Warnung-Vorsorge\/Warn-App-NINA\/warn-app-nina_node.html\" target=\"_blank\" rel=\"noreferrer noopener\">Homepage BBK<\/a><\/p>\n\n\n\n<p>App f\u00fcr <a href=\"https:\/\/play.google.com\/store\/apps\/details?id=de.materna.bbk.mobile.app&amp;hl=de\" target=\"_blank\" rel=\"noreferrer noopener\">Android<\/a><br>App f\u00fcr <a href=\"https:\/\/itunes.apple.com\/de\/app\/nina\/id949360949\" target=\"_blank\" rel=\"noreferrer noopener\">iOS (iPhone)<\/a><\/p>\n\n\n\n<p><\/p>\n\n\n\n<h3 class=\"wp-block-heading\">Cell Broadcast<\/h3>\n\n\n\n<figure class=\"wp-block-image size-medium\"><img loading=\"lazy\" decoding=\"async\" width=\"300\" height=\"294\" src=\"https:\/\/www.feuerwehr-jockgrim.de\/wp-content\/uploads\/2025\/09\/06-Cell-Broadcast-300x294.png\" alt=\"\" class=\"wp-image-2245\" srcset=\"https:\/\/www.feuerwehr-jockgrim.de\/wp-content\/uploads\/2025\/09\/06-Cell-Broadcast-300x294.png 300w, https:\/\/www.feuerwehr-jockgrim.de\/wp-content\/uploads\/2025\/09\/06-Cell-Broadcast-768x753.png 768w, https:\/\/www.feuerwehr-jockgrim.de\/wp-content\/uploads\/2025\/09\/06-Cell-Broadcast.png 867w\" sizes=\"auto, (max-width: 300px) 100vw, 300px\" \/><\/figure>\n\n\n\n<p>Cell Broadcast (automatische Handybenachrichtigung) ist ein kostenloser Informationsdienst der Mobilfunkbetreiber. Bei Ausl\u00f6sung einer Warnmeldung \u00fcber Cell Broadcast bekommen alle eingebuchten Mobilfunkger\u00e4te einer Basisstation die Warnmeldung zugestellt. Das erfolgt unabh\u00e4nig der Mobilfunknummer. Hierzu mu\u00df keine App installiert sein. Moderne Smartphones signalisieren diese Warnmeldung mit einen besonders auff\u00e4lligen und lauten Benachrichtigung. Bei \u00e4lteren Mobilfunkger\u00e4te sieht das aus wie eine SMS.<\/p>\n\n\n\n<p><\/p>\n\n\n\n<h3 class=\"wp-block-heading\">Social Media Kan\u00e4le<\/h3>\n\n\n\n<p>Auf den Social Media Kan\u00e4le der Kreisverwaltung Germersheim, Verbandsgemeindeverwaltung und der \u00f6rtlichen Feuerwehr werden oftmals Informationen zu einer Warnung bekannt gegeben.<\/p>\n\n\n\n<p>Die Apps der Social Media Kan\u00e4le k\u00f6nnen nicht aktiv alarmieren, aber daf\u00fcr detailiert informieren. Sollten Sie eine Warnung erhalten haben, kann man auf den Social Media Kan\u00e4le oft detailierte Informationen nachlesen. <\/p>\n\n\n\n<p>Am besten gleich kostenlos abonieren!<\/p>\n\n\n\n<h4 class=\"wp-block-heading\">Kan\u00e4le:<\/h4>\n\n\n\n<p>Kreisverwaltung Germersheim: <a href=\"https:\/\/www.instagram.com\/kreis.germersheim\/\" target=\"_blank\" rel=\"noreferrer noopener\">https:\/\/www.instagram.com\/kreis.germersheim\/<\/a><br>Verbandsgemeindeverwaltung Jockgrim: <a href=\"https:\/\/www.facebook.com\/jockgrimvg\" target=\"_blank\" rel=\"noreferrer noopener\">https:\/\/www.facebook.com\/jockgrimvg<\/a><br>Feuerwehr Jockgrim: <a href=\"https:\/\/www.instagram.com\/feuerwehr.jockgrim\/\" target=\"_blank\" rel=\"noreferrer noopener\">https:\/\/www.instagram.com\/feuerwehr.jockgrim\/<\/a><br>Feuerwehr Rheinzabern: <a href=\"https:\/\/www.instagram.com\/ffw.rheinzabern\/\" target=\"_blank\" rel=\"noreferrer noopener\">https:\/\/www.instagram.com\/ffw.rheinzabern\/<\/a><br>Feuerwehr Hatzenb\u00fchl: <a href=\"https:\/\/www.instagram.com\/feuerwehr.hatzenbuehl\/\" target=\"_blank\" rel=\"noreferrer noopener\">https:\/\/www.instagram.com\/feuerwehr.hatzenbuehl\/<\/a><br>Feuerwehr Neupotz: <a href=\"https:\/\/www.instagram.com\/feuerwehr_neupotz\/\" target=\"_blank\" rel=\"noreferrer noopener\">https:\/\/www.instagram.com\/feuerwehr_neupotz\/<\/a><\/p>\n\n\n\n<p><\/p>\n\n\n\n<h2 class=\"wp-block-heading\">Sirenenwarnung<\/h2>\n\n\n\n<figure class=\"wp-block-image size-medium\"><img loading=\"lazy\" decoding=\"async\" width=\"300\" height=\"292\" src=\"https:\/\/www.feuerwehr-jockgrim.de\/wp-content\/uploads\/2025\/09\/03-Sirenen-2-300x292.png\" alt=\"\" class=\"wp-image-2258\" srcset=\"https:\/\/www.feuerwehr-jockgrim.de\/wp-content\/uploads\/2025\/09\/03-Sirenen-2-300x292.png 300w, https:\/\/www.feuerwehr-jockgrim.de\/wp-content\/uploads\/2025\/09\/03-Sirenen-2-768x747.png 768w, https:\/\/www.feuerwehr-jockgrim.de\/wp-content\/uploads\/2025\/09\/03-Sirenen-2.png 874w\" sizes=\"auto, (max-width: 300px) 100vw, 300px\" \/><\/figure>\n\n\n\n<p>Mit dem bundesweiten Warntag 2025 startet das neue Sirenenwarnnetz im Landkreis Germersheim.<\/p>\n\n\n\n<p>Die hervorstechenden Eigenschaften einer Sirene: Sie ist laut und sie ist innerhalb eines gro\u00dfen Radius zu h\u00f6ren.<\/p>\n\n\n\n<p>Sirenen sind daher grunds\u00e4tzlich gut daf\u00fcr geeignet, Personen sogar im Schlaf \u00fcber eine bevorstehende Gefahr zu alarmieren. Im Alltag sorgen sie f\u00fcr Aufmerksamkeit. Hierbei spricht man vom sogenannten <strong>Weckeffekt<\/strong>.<\/p>\n\n\n\n<p>Durch die charakteristischen an- oder abschwellenden Heult\u00f6ne weisen Sirenen auf eine Gefahr oder auf das Ende einer Gefahr hin. Die gewarnten Personen k\u00f6nnen sich anschlie\u00dfend \u00fcber weitere Quellen, zum Beispiel<\/p>\n\n\n\n<ul class=\"wp-block-list\">\n<li>Rundfunk,<\/li>\n\n\n\n<li>Warn-Apps oder<\/li>\n\n\n\n<li>Webseiten<\/li>\n<\/ul>\n\n\n\n<p>genauer \u00fcber die Art der Gefahr und Verhaltensempfehlungen informieren.<\/p>\n\n\n\n<p>Sirenen werden als <strong>Warnmittel f\u00fcr die Bev\u00f6lkerung<\/strong> und zur Alarmierung f\u00fcr die Feuerwehren betrieben. \u00d6ffentliche Sirenen werden durch die Kommunen als \u00f6rtlicher Aufgabentr\u00e4ger beschafft, installiert, betrieben und gewartet. Dar\u00fcber hinaus finden private Sirenen in Betrieben Verwendung, um die Belegschaft bei St\u00f6rf\u00e4llen zu warnen.<\/p>\n\n\n\n<h2 class=\"wp-block-heading\">Warum wird wieder per Sirene gewarnt?<\/h2>\n\n\n\n<p>Verschiedene Gefahrensituationen haben gezeigt, da\u00df eine schnelle und fl\u00e4chendeckende Bev\u00f6lkerungswarnung erforderlich ist.<\/p>\n\n\n\n<h2 class=\"wp-block-heading\">Was tun, wenn die Sirene warnt?<\/h2>\n\n\n\n<p>Nehmen Sie die Warnungen ernst und helfen Sie mit:<\/p>\n\n\n\n<ul class=\"wp-block-list\">\n<li>Bewahren Sie Ruhe!<\/li>\n\n\n\n<li>Informieren Sie sich \u00fcber die lokalen Medien und in den WarnApp&#8217;s!<\/li>\n\n\n\n<li>Informieren Sie Ihre Nachbarn!<\/li>\n\n\n\n<li>Schlie\u00dfen Sie Fenster und T\u00fcren! Schalten Sie L\u00fcftungen aus!<\/li>\n\n\n\n<li>Befolgen Sie die Anweisungen der Beh\u00f6rden und Einsatzkr\u00e4fte!<\/li>\n\n\n\n<li>Blockieren Sie nicht den Notruf \u2013 nur im Notfall anrufen!<\/li>\n<\/ul>\n\n\n\n<h2 class=\"wp-block-heading\">Welche Sirenensignale gibt es?<\/h2>\n\n\n\n<p>Bundesweit werden folgende Sirenensignale verwendet:<\/p>\n\n\n\n<p><strong>Warnung bei Gefahr<\/strong><br>Eine Minute auf- und abschwellender Heulton \u2013 Sie werden auf eine Gefahrensituation hingewiesen. Beachten Sie die Verhaltenshinweise, zum Beispiel auf der WarnApp oder Durchsagen.<\/p>\n\n\n\n<figure class=\"wp-block-image\"><img loading=\"lazy\" decoding=\"async\" width=\"872\" height=\"158\" src=\"https:\/\/www.feuerwehr-jockgrim.de\/wp-content\/uploads\/2025\/09\/grafik-1.png\" alt=\"\" class=\"wp-image-2235\" srcset=\"https:\/\/www.feuerwehr-jockgrim.de\/wp-content\/uploads\/2025\/09\/grafik-1.png 872w, https:\/\/www.feuerwehr-jockgrim.de\/wp-content\/uploads\/2025\/09\/grafik-1-300x54.png 300w, https:\/\/www.feuerwehr-jockgrim.de\/wp-content\/uploads\/2025\/09\/grafik-1-768x139.png 768w\" sizes=\"auto, (max-width: 872px) 100vw, 872px\" \/><\/figure>\n\n\n\n<p><a href=\"https:\/\/www.bbk.bund.de\/SharedDocs\/Audios\/DE\/Sirenensignale\/sirenenton-warnung_audio.html?nn=21260\" target=\"_blank\" rel=\"noreferrer noopener\">Audiobeispiel Warnung der Bev\u00f6lkerung<\/a> Quelle: BBK<\/p>\n\n\n\n<p><\/p>\n\n\n\n<p><strong>Entwarnung<\/strong><br>Eine Minute gleichbleibender Heulton \u2013 <strong>die Gefahr ist vor\u00fcber<\/strong>. Beachten Sie Lautsprecherdurchsagen oder Mitteilungen \u00fcber andere Informationskan\u00e4le.<\/p>\n\n\n\n<figure class=\"wp-block-image\"><img loading=\"lazy\" decoding=\"async\" width=\"872\" height=\"157\" src=\"https:\/\/www.feuerwehr-jockgrim.de\/wp-content\/uploads\/2025\/09\/grafik-2.png\" alt=\"\" class=\"wp-image-2236\" srcset=\"https:\/\/www.feuerwehr-jockgrim.de\/wp-content\/uploads\/2025\/09\/grafik-2.png 872w, https:\/\/www.feuerwehr-jockgrim.de\/wp-content\/uploads\/2025\/09\/grafik-2-300x54.png 300w, https:\/\/www.feuerwehr-jockgrim.de\/wp-content\/uploads\/2025\/09\/grafik-2-768x138.png 768w\" sizes=\"auto, (max-width: 872px) 100vw, 872px\" \/><\/figure>\n\n\n\n<p><a href=\"https:\/\/www.bbk.bund.de\/SharedDocs\/Audios\/DE\/Sirenensignale\/sirenenton-entwarnung_audio.html?nn=21260\" target=\"_blank\" rel=\"noreferrer noopener\">Audiobeispiel Entwarnung<\/a> Quelle: BBK<\/p>\n\n\n\n<p><\/p>\n\n\n\n<p><strong>Feuerwehralarm<\/strong><br>Eine Minute mit zwei Unterbrechungen \u2013 Sondersignal zur Alarmierung der Feuerwehr.<br>Die Feuerwehr wird <strong>in der Regel<\/strong> heutzutage per Funkmeldeempf\u00e4nger alarmiert. Bei einer besonderen Schadenslage kann zus\u00e4tzlich per Sirene alarmiert werden, allerdings nur wenn hierzu kongret Bedarf besteht.<br>Bitte achten sie besonders auf Feuerwehreinsatzkr\u00e4fte, die zum Feuerwehrhaus eilen und generell auf Einsatzfahrzeuge.<br>Bei einer Rauchentwicklung durch ein Schadensfeuer schlie\u00dfen sie bitte eigenst\u00e4ndig T\u00fcren und Fenster.<\/p>\n\n\n\n<figure class=\"wp-block-image\"><img loading=\"lazy\" decoding=\"async\" width=\"871\" height=\"153\" src=\"https:\/\/www.feuerwehr-jockgrim.de\/wp-content\/uploads\/2025\/09\/grafik-3.png\" alt=\"\" class=\"wp-image-2237\" srcset=\"https:\/\/www.feuerwehr-jockgrim.de\/wp-content\/uploads\/2025\/09\/grafik-3.png 871w, https:\/\/www.feuerwehr-jockgrim.de\/wp-content\/uploads\/2025\/09\/grafik-3-300x53.png 300w, https:\/\/www.feuerwehr-jockgrim.de\/wp-content\/uploads\/2025\/09\/grafik-3-768x135.png 768w\" sizes=\"auto, (max-width: 871px) 100vw, 871px\" \/><\/figure>\n\n\n\n<p>Die neuen Sirenen im Landkreis Germersheim haben auch eine Funktion der Sprachdurchsagen. Hier k\u00f6nnen Warndurchsagen, in Verbindung mit einer Warnung, durchgegeben werden.<\/p>\n\n\n\n<p>Die H\u00f6rbarkeit einer Sirene ist in der weiten Entfernung abh\u00e4gig von der Windrichtung.<\/p>\n\n\n\n<p>Ein kurzes aufheulen einer Sirene, f\u00fcr ca 3-4 Sekunden, ist nur ein Funktionstest und dient ausschlie\u00dflich nur zur Funktions\u00fcberpr\u00fcfung.<\/p>\n\n\n\n<p>Bilder Quelle: BBK<\/p>\n\n\n\n<p><a href=\"https:\/\/warnung.bund.de\/meldungen\" data-type=\"link\" data-id=\"https:\/\/warnung.bund.de\/meldungen\" target=\"_blank\" rel=\"noreferrer noopener\">Warnkarte des Bundesamtes f\u00fcr Bev\u00f6lkerungsschutz und Katastrophenhilfe (BBK)<\/a><\/p>\n\n\n\n<p><a href=\"https:\/\/www.bleib-bereit.de\/\" data-type=\"link\" data-id=\"https:\/\/www.bleib-bereit.de\/\" target=\"_blank\" rel=\"noreferrer noopener\">Informationsseite Bev\u00f6lkerungswarnung Ministerium des Innern und f\u00fcr Sport Rheinland-Pfalz<\/a><\/p>\n\n\n\n<p><a href=\"https:\/\/www.kreis-germersheim.de\/buergerservice\/ordnung-verkehr-wirtschaft-tourismus\/not-oder-katastrophenfall-katastrophenschutz\/warn-apps-und-nachbarschaftshilfe\/\" data-type=\"link\" data-id=\"https:\/\/www.kreis-germersheim.de\/buergerservice\/ordnung-verkehr-wirtschaft-tourismus\/not-oder-katastrophenfall-katastrophenschutz\/warn-apps-und-nachbarschaftshilfe\/\">Informationsseite Landkreis Germersheim<\/a><\/p>\n\n\n\n<p><a href=\"https:\/\/www.kreis-germersheim.de\/buergerservice\/ordnung-verkehr-wirtschaft-tourismus\/not-oder-katastrophenfall-katastrophenschutz\/warn-apps-und-nachbarschaftshilfe\/flyer-warnung-bevoelkerung-final.pdf?cid=bla\" target=\"_blank\" rel=\"noreferrer noopener\">Informationsflyer Landkreis Germersheim<\/a><\/p>\n\n\n\n<p><\/p>\n\n\n\n<p><\/p>\n","protected":false},"excerpt":{"rendered":"<p>Wann wird die Bev\u00f6lkerung gewarnt? Je nach Lage k\u00f6nnen Schadensereignisse Ihre Sicherheit und Ihr Eigentum gef\u00e4hrden. Damit Sie sich auf die Situation einstellen k\u00f6nnen und sich richtig verhalten, werden Sie in diesen Notsituationen gewarnt, z.B. bei: Wie wird die Bev\u00f6lkerung gewarnt? Gefahrensituationen k\u00f6nnen pl\u00f6tzlich auftreten. Um m\u00f6glichst viele Menschen schnell zu erreichen, ver\u00f6ffentlichen die zust\u00e4ndigen [&hellip;]<\/p>\n","protected":false},"author":1,"featured_media":0,"parent":0,"menu_order":0,"comment_status":"closed","ping_status":"closed","template":"","meta":{"_acf_changed":false,"footnotes":""},"class_list":["post-2241","page","type-page","status-publish","hentry"],"acf":[],"_links":{"self":[{"href":"https:\/\/www.feuerwehr-jockgrim.de\/index.php?rest_route=\/wp\/v2\/pages\/2241","targetHints":{"allow":["GET"]}}],"collection":[{"href":"https:\/\/www.feuerwehr-jockgrim.de\/index.php?rest_route=\/wp\/v2\/pages"}],"about":[{"href":"https:\/\/www.feuerwehr-jockgrim.de\/index.php?rest_route=\/wp\/v2\/types\/page"}],"author":[{"embeddable":true,"href":"https:\/\/www.feuerwehr-jockgrim.de\/index.php?rest_route=\/wp\/v2\/users\/1"}],"replies":[{"embeddable":true,"href":"https:\/\/www.feuerwehr-jockgrim.de\/index.php?rest_route=%2Fwp%2Fv2%2Fcomments&post=2241"}],"version-history":[{"count":13,"href":"https:\/\/www.feuerwehr-jockgrim.de\/index.php?rest_route=\/wp\/v2\/pages\/2241\/revisions"}],"predecessor-version":[{"id":2288,"href":"https:\/\/www.feuerwehr-jockgrim.de\/index.php?rest_route=\/wp\/v2\/pages\/2241\/revisions\/2288"}],"wp:attachment":[{"href":"https:\/\/www.feuerwehr-jockgrim.de\/index.php?rest_route=%2Fwp%2Fv2%2Fmedia&parent=2241"}],"curies":[{"name":"wp","href":"https:\/\/api.w.org\/{rel}","templated":true}]}}