{"id":1292,"date":"2023-08-15T23:35:20","date_gmt":"2023-08-15T21:35:20","guid":{"rendered":"https:\/\/www.feuerwehr-jockgrim.de\/?page_id=1292"},"modified":"2023-08-22T17:26:43","modified_gmt":"2023-08-22T15:26:43","slug":"gitterbox-ruestholz","status":"publish","type":"page","link":"https:\/\/www.feuerwehr-jockgrim.de\/?page_id=1292","title":{"rendered":"RC R\u00fcstholz"},"content":{"rendered":"\n<p>Neben verschiedenen Rollcontainern, f\u00fchren wir auf unserem MZF 2 auch eine Gitterbox mit R\u00fcsth\u00f6lzern mit. Dies hat den Grund, das bei gr\u00f6\u00dferen Hebearbeiten, aber auch bei Unf\u00e4llen mit LKW, Bussen oder Schienenfahrzeugen oft gr\u00f6\u00dfere Mengen an Unterbaumaterial ben\u00f6tigt werden und das Unterbaumaterial unseres HLF nicht mehr ausreicht. <\/p>\n\n\n\n<p>F\u00fcr dieses Zweck ist Rollcontainer R\u00fcstholz mit Kanth\u00f6lzern, Keilen und Platten in verschiedenen Gr\u00f6\u00dfen best\u00fcckt und wird auch st\u00e4ndig auf dem MZF 2 mitgef\u00fchrt, welches bei allen Technischen Hilfeleistungen als nachr\u00fcckendes Fahrzeug dient.<\/p>\n\n\n\n<p>Mehr Informationen zum Fahrzeug MZF 2 finden Sie auf der Seite <a href=\"https:\/\/www.feuerwehr-jockgrim.de\/?page_id=125\">MZF 2<\/a><br>Eine \u00dcbersicht \u00fcber alle Rollcontainer erhalten Sie <a href=\"https:\/\/www.feuerwehr-jockgrim.de\/?page_id=539\">hier<\/a><\/p>\n\n\n\n<figure class=\"wp-block-gallery has-nested-images columns-default is-cropped wp-block-gallery-1 is-layout-flex wp-block-gallery-is-layout-flex\">\n<figure class=\"wp-block-image size-large\"><img loading=\"lazy\" decoding=\"async\" width=\"1024\" height=\"683\" data-id=\"1327\" src=\"https:\/\/www.feuerwehr-jockgrim.de\/wp-content\/uploads\/2023\/08\/IMG_1884-1-1024x683.jpg\" alt=\"\" class=\"wp-image-1327\" srcset=\"https:\/\/www.feuerwehr-jockgrim.de\/wp-content\/uploads\/2023\/08\/IMG_1884-1-1024x683.jpg 1024w, https:\/\/www.feuerwehr-jockgrim.de\/wp-content\/uploads\/2023\/08\/IMG_1884-1-300x200.jpg 300w, https:\/\/www.feuerwehr-jockgrim.de\/wp-content\/uploads\/2023\/08\/IMG_1884-1-768x512.jpg 768w, https:\/\/www.feuerwehr-jockgrim.de\/wp-content\/uploads\/2023\/08\/IMG_1884-1-1536x1024.jpg 1536w, https:\/\/www.feuerwehr-jockgrim.de\/wp-content\/uploads\/2023\/08\/IMG_1884-1-2048x1365.jpg 2048w\" sizes=\"auto, (max-width: 1024px) 100vw, 1024px\" \/><\/figure>\n\n\n\n<figure class=\"wp-block-image size-large\"><img loading=\"lazy\" decoding=\"async\" width=\"1024\" height=\"683\" data-id=\"1326\" src=\"https:\/\/www.feuerwehr-jockgrim.de\/wp-content\/uploads\/2023\/08\/IMG_1885-1-1024x683.jpg\" alt=\"\" class=\"wp-image-1326\" srcset=\"https:\/\/www.feuerwehr-jockgrim.de\/wp-content\/uploads\/2023\/08\/IMG_1885-1-1024x683.jpg 1024w, https:\/\/www.feuerwehr-jockgrim.de\/wp-content\/uploads\/2023\/08\/IMG_1885-1-300x200.jpg 300w, https:\/\/www.feuerwehr-jockgrim.de\/wp-content\/uploads\/2023\/08\/IMG_1885-1-768x512.jpg 768w, https:\/\/www.feuerwehr-jockgrim.de\/wp-content\/uploads\/2023\/08\/IMG_1885-1-1536x1024.jpg 1536w, https:\/\/www.feuerwehr-jockgrim.de\/wp-content\/uploads\/2023\/08\/IMG_1885-1-2048x1365.jpg 2048w\" sizes=\"auto, (max-width: 1024px) 100vw, 1024px\" \/><\/figure>\n<\/figure>\n","protected":false},"excerpt":{"rendered":"<p>Neben verschiedenen Rollcontainern, f\u00fchren wir auf unserem MZF 2 auch eine Gitterbox mit R\u00fcsth\u00f6lzern mit. Dies hat den Grund, das bei gr\u00f6\u00dferen Hebearbeiten, aber auch bei Unf\u00e4llen mit LKW, Bussen oder Schienenfahrzeugen oft gr\u00f6\u00dfere Mengen an Unterbaumaterial ben\u00f6tigt werden und das Unterbaumaterial unseres HLF nicht mehr ausreicht. F\u00fcr dieses Zweck ist Rollcontainer R\u00fcstholz mit Kanth\u00f6lzern, [&hellip;]<\/p>\n","protected":false},"author":2,"featured_media":0,"parent":0,"menu_order":0,"comment_status":"closed","ping_status":"closed","template":"","meta":{"_acf_changed":false,"footnotes":""},"class_list":["post-1292","page","type-page","status-publish","hentry"],"acf":[],"_links":{"self":[{"href":"https:\/\/www.feuerwehr-jockgrim.de\/index.php?rest_route=\/wp\/v2\/pages\/1292","targetHints":{"allow":["GET"]}}],"collection":[{"href":"https:\/\/www.feuerwehr-jockgrim.de\/index.php?rest_route=\/wp\/v2\/pages"}],"about":[{"href":"https:\/\/www.feuerwehr-jockgrim.de\/index.php?rest_route=\/wp\/v2\/types\/page"}],"author":[{"embeddable":true,"href":"https:\/\/www.feuerwehr-jockgrim.de\/index.php?rest_route=\/wp\/v2\/users\/2"}],"replies":[{"embeddable":true,"href":"https:\/\/www.feuerwehr-jockgrim.de\/index.php?rest_route=%2Fwp%2Fv2%2Fcomments&post=1292"}],"version-history":[{"count":5,"href":"https:\/\/www.feuerwehr-jockgrim.de\/index.php?rest_route=\/wp\/v2\/pages\/1292\/revisions"}],"predecessor-version":[{"id":1329,"href":"https:\/\/www.feuerwehr-jockgrim.de\/index.php?rest_route=\/wp\/v2\/pages\/1292\/revisions\/1329"}],"wp:attachment":[{"href":"https:\/\/www.feuerwehr-jockgrim.de\/index.php?rest_route=%2Fwp%2Fv2%2Fmedia&parent=1292"}],"curies":[{"name":"wp","href":"https:\/\/api.w.org\/{rel}","templated":true}]}}