{"id":120,"date":"2022-11-17T17:59:25","date_gmt":"2022-11-17T16:59:25","guid":{"rendered":"http:\/\/feuerwehr-jockgrim.org\/?page_id=120"},"modified":"2025-05-25T11:46:04","modified_gmt":"2025-05-25T09:46:04","slug":"mzf-1","status":"publish","type":"page","link":"https:\/\/www.feuerwehr-jockgrim.de\/?page_id=120","title":{"rendered":"MZF 1"},"content":{"rendered":"\n<div class=\"wp-block-media-text alignwide is-stacked-on-mobile\"><figure class=\"wp-block-media-text__media\"><img loading=\"lazy\" decoding=\"async\" width=\"1024\" height=\"693\" src=\"http:\/\/feuerwehr-jockgrim.org\/wp-content\/uploads\/2022\/11\/IMG_6359-1024x693.jpg\" alt=\"\" class=\"wp-image-627 size-full\" srcset=\"https:\/\/www.feuerwehr-jockgrim.de\/wp-content\/uploads\/2022\/11\/IMG_6359-1024x693.jpg 1024w, https:\/\/www.feuerwehr-jockgrim.de\/wp-content\/uploads\/2022\/11\/IMG_6359-300x203.jpg 300w, https:\/\/www.feuerwehr-jockgrim.de\/wp-content\/uploads\/2022\/11\/IMG_6359-768x519.jpg 768w, https:\/\/www.feuerwehr-jockgrim.de\/wp-content\/uploads\/2022\/11\/IMG_6359-1536x1039.jpg 1536w, https:\/\/www.feuerwehr-jockgrim.de\/wp-content\/uploads\/2022\/11\/IMG_6359-2048x1385.jpg 2048w\" sizes=\"auto, (max-width: 1024px) 100vw, 1024px\" \/><\/figure><div class=\"wp-block-media-text__content\">\n<p>MZF 1 ist die Abk\u00fcrzung f\u00fcr Mehrzweckfahrzeug 1. Dieses ist gemeinsam mit den Mehrzweckfahrzeugen der Typen 2 und 3 in der Technischen Richtlinie des Landes Rheinland-Pfalz genormt und beschreibt ein Transportfahrzeug welches f\u00fcr verschiedene Material- und\/oder Personaltransporte genutzt werden kann.<\/p>\n<\/div><\/div>\n\n\n\n<figure class=\"wp-block-table has-small-font-size\"><table><tbody><tr><td>Fahrzeug:<\/td><td>MZF 1 &#8211; Mehrzweckfahrzeug 1<\/td><\/tr><tr><td>Funkrufname:<\/td><td>Florian Jockgrim 1\/71-1<\/td><\/tr><tr><td>Besatzung:<\/td><td>Gruppe (1\/8\/<strong>9<\/strong> &#8211; Gruppenf\u00fchrer und acht Feuerwehrleute)<\/td><\/tr><tr><td>Baujahr:<\/td><td>2009<\/td><\/tr><tr><td>Aufbauhersteller:<\/td><td>M. Schmidt mobile kommunikation<\/td><\/tr><tr><td>Fahrgestell:<\/td><td>Mercedes-Benz Sprinter 315 CDI<\/td><\/tr><tr><td>Norm:<\/td><td>Technische Richtlinie Nr. 5 des Landes Rheinland-Pfalz<\/td><\/tr><tr><td>Verwendungszweck:<\/td><td>Das MZF 1 wird bei uns f\u00fcr verschiedene Personal- und Materialtransporte verwendet. Weiterhin steht das Fahrzeug der Jugendfeuerwehr f\u00fcr ihre Fahrten zur Verf\u00fcgung. Dar\u00fcber hinaus ist das Fahrzeug Teil des Moduls Wasserf\u00f6rderung des Katastrophenschutz-Zuges des Landkreises Germersheim und dient hier dem Modulf\u00fchrer als Zubringer- und F\u00fchrungfahrzeug.<\/td><\/tr><tr><td>Beladung\/Ausstattung:<\/td><td>Tasche mit F\u00fchrungsmitteln<br>Verkehrsleitkegel<br>2x Euroblitzleuchten<br>Koffer mit Warnwesten<br>Kasten mit Spanngurten<\/td><\/tr><\/tbody><\/table><\/figure>\n\n\n\n<figure class=\"wp-block-gallery has-nested-images columns-default is-cropped wp-block-gallery-1 is-layout-flex wp-block-gallery-is-layout-flex\">\n<figure class=\"wp-block-image size-large\"><img loading=\"lazy\" decoding=\"async\" width=\"1024\" height=\"689\" data-id=\"628\" src=\"http:\/\/feuerwehr-jockgrim.org\/wp-content\/uploads\/2022\/11\/1mzf1.jpg\" alt=\"\" class=\"wp-image-628\" srcset=\"https:\/\/www.feuerwehr-jockgrim.de\/wp-content\/uploads\/2022\/11\/1mzf1.jpg 1024w, https:\/\/www.feuerwehr-jockgrim.de\/wp-content\/uploads\/2022\/11\/1mzf1-300x202.jpg 300w, https:\/\/www.feuerwehr-jockgrim.de\/wp-content\/uploads\/2022\/11\/1mzf1-768x517.jpg 768w\" sizes=\"auto, (max-width: 1024px) 100vw, 1024px\" \/><\/figure>\n\n\n\n<figure class=\"wp-block-image size-large\"><img loading=\"lazy\" decoding=\"async\" width=\"1024\" height=\"574\" data-id=\"629\" src=\"http:\/\/feuerwehr-jockgrim.org\/wp-content\/uploads\/2022\/11\/2mzf1.jpg\" alt=\"\" class=\"wp-image-629\" srcset=\"https:\/\/www.feuerwehr-jockgrim.de\/wp-content\/uploads\/2022\/11\/2mzf1.jpg 1024w, https:\/\/www.feuerwehr-jockgrim.de\/wp-content\/uploads\/2022\/11\/2mzf1-300x168.jpg 300w, https:\/\/www.feuerwehr-jockgrim.de\/wp-content\/uploads\/2022\/11\/2mzf1-768x431.jpg 768w\" sizes=\"auto, (max-width: 1024px) 100vw, 1024px\" \/><\/figure>\n\n\n\n<figure class=\"wp-block-image size-large\"><img loading=\"lazy\" decoding=\"async\" width=\"1024\" height=\"701\" data-id=\"630\" src=\"http:\/\/feuerwehr-jockgrim.org\/wp-content\/uploads\/2022\/11\/3mzf1.jpg\" alt=\"\" class=\"wp-image-630\" srcset=\"https:\/\/www.feuerwehr-jockgrim.de\/wp-content\/uploads\/2022\/11\/3mzf1.jpg 1024w, https:\/\/www.feuerwehr-jockgrim.de\/wp-content\/uploads\/2022\/11\/3mzf1-300x205.jpg 300w, https:\/\/www.feuerwehr-jockgrim.de\/wp-content\/uploads\/2022\/11\/3mzf1-768x526.jpg 768w\" sizes=\"auto, (max-width: 1024px) 100vw, 1024px\" \/><\/figure>\n<\/figure>\n","protected":false},"excerpt":{"rendered":"<p>MZF 1 ist die Abk\u00fcrzung f\u00fcr Mehrzweckfahrzeug 1. Dieses ist gemeinsam mit den Mehrzweckfahrzeugen der Typen 2 und 3 in der Technischen Richtlinie des Landes Rheinland-Pfalz genormt und beschreibt ein [&hellip;]<\/p>\n","protected":false},"author":2,"featured_media":0,"parent":0,"menu_order":0,"comment_status":"closed","ping_status":"closed","template":"","meta":{"_acf_changed":false,"footnotes":""},"class_list":["post-120","page","type-page","status-publish","hentry"],"acf":[],"_links":{"self":[{"href":"https:\/\/www.feuerwehr-jockgrim.de\/index.php?rest_route=\/wp\/v2\/pages\/120","targetHints":{"allow":["GET"]}}],"collection":[{"href":"https:\/\/www.feuerwehr-jockgrim.de\/index.php?rest_route=\/wp\/v2\/pages"}],"about":[{"href":"https:\/\/www.feuerwehr-jockgrim.de\/index.php?rest_route=\/wp\/v2\/types\/page"}],"author":[{"embeddable":true,"href":"https:\/\/www.feuerwehr-jockgrim.de\/index.php?rest_route=\/wp\/v2\/users\/2"}],"replies":[{"embeddable":true,"href":"https:\/\/www.feuerwehr-jockgrim.de\/index.php?rest_route=%2Fwp%2Fv2%2Fcomments&post=120"}],"version-history":[{"count":4,"href":"https:\/\/www.feuerwehr-jockgrim.de\/index.php?rest_route=\/wp\/v2\/pages\/120\/revisions"}],"predecessor-version":[{"id":2046,"href":"https:\/\/www.feuerwehr-jockgrim.de\/index.php?rest_route=\/wp\/v2\/pages\/120\/revisions\/2046"}],"wp:attachment":[{"href":"https:\/\/www.feuerwehr-jockgrim.de\/index.php?rest_route=%2Fwp%2Fv2%2Fmedia&parent=120"}],"curies":[{"name":"wp","href":"https:\/\/api.w.org\/{rel}","templated":true}]}}